Last updated on 2024-07-17 20:57:02 CEST.
Flavor | Version | Tinstall | Tcheck | Ttotal | Status | Flags |
---|---|---|---|---|---|---|
r-devel-linux-x86_64-debian-clang | 1.2 | 7.26 | 144.49 | 151.75 | OK | |
r-devel-linux-x86_64-debian-gcc | 1.2 | 6.97 | 105.82 | 112.79 | OK | |
r-devel-linux-x86_64-fedora-clang | 1.2 | 191.48 | OK | |||
r-devel-linux-x86_64-fedora-gcc | 1.2 | 197.59 | OK | |||
r-devel-windows-x86_64 | 1.2 | 8.00 | 138.00 | 146.00 | NOTE | |
r-patched-linux-x86_64 | 1.2 | 8.35 | 142.55 | 150.90 | OK | |
r-release-linux-x86_64 | 1.2 | 7.70 | 141.71 | 149.41 | OK | |
r-release-macos-arm64 | 1.2 | 64.00 | OK | |||
r-release-macos-x86_64 | 1.2 | 114.00 | OK | |||
r-release-windows-x86_64 | 1.2 | 9.00 | 141.00 | 150.00 | OK | |
r-oldrel-macos-arm64 | 1.2 | 95.00 | OK | |||
r-oldrel-macos-x86_64 | 1.2 | 151.00 | OK | |||
r-oldrel-windows-x86_64 | 1.2 | 11.00 | 152.00 | 163.00 | OK |
Version: 1.2
Check: Rd cross-references
Result: NOTE
Found the following Rd file(s) with Rd \link{} targets missing package
anchors:
isurvdiff.Rd: Surv
isurvdiff.smax.Rd: Surv
isurvfit.Rd: Surv
Please provide package anchors for all Rd \link{} targets not in the
package itself and the base packages.
Flavor: r-devel-windows-x86_64