CRAN Package Check Results for Package ICGE

Last updated on 2022-10-06 21:49:55 CEST.

Flavor Version Tinstall Tcheck Ttotal Status Flags
r-devel-linux-x86_64-debian-clang 0.4.1 3.48 34.35 37.83 NOTE
r-devel-linux-x86_64-debian-gcc 0.4.1 3.02 26.48 29.50 NOTE
r-devel-linux-x86_64-fedora-clang 0.4.1 59.23 NOTE
r-devel-linux-x86_64-fedora-gcc 0.4.1 57.45 NOTE
r-devel-windows-x86_64 0.4.1 15.00 62.00 77.00 NOTE
r-patched-linux-x86_64 0.4.1 4.29 33.01 37.30 OK
r-release-linux-x86_64 0.4.1 3.63 32.44 36.07 OK
r-release-macos-arm64 0.4.1 20.00 OK
r-release-macos-x86_64 0.4.1 26.00 OK
r-release-windows-x86_64 0.4.1 20.00 68.00 88.00 OK
r-oldrel-macos-arm64 0.4.1 24.00 OK
r-oldrel-macos-x86_64 0.4.1 26.00 OK
r-oldrel-windows-ix86+x86_64 0.4.1 8.00 57.00 65.00 OK

Check Details

Version: 0.4.1
Check: Rd files
Result: NOTE
    checkRd: (-1) dmahal.Rd:18: Escaped LaTeX specials: \~
Flavors: r-devel-linux-x86_64-debian-clang, r-devel-linux-x86_64-debian-gcc, r-devel-linux-x86_64-fedora-clang, r-devel-linux-x86_64-fedora-gcc, r-devel-windows-x86_64