CRAN Package Check Results for Package ICD10gm

Last updated on 2022-10-04 21:53:42 CEST.

Flavor Version Tinstall Tcheck Ttotal Status Flags
r-devel-linux-x86_64-debian-clang 1.2.4 41.50 202.90 244.40 OK
r-devel-linux-x86_64-debian-gcc 1.2.4 36.74 150.25 186.99 OK
r-devel-linux-x86_64-fedora-clang 1.2.4 320.29 NOTE
r-devel-linux-x86_64-fedora-gcc 1.2.4 316.12 NOTE
r-devel-windows-x86_64 1.2.4 54.00 237.00 291.00 OK
r-patched-linux-x86_64 1.2.4 43.17 196.60 239.77 OK
r-release-linux-x86_64 1.2.4 43.56 197.15 240.71 OK
r-release-macos-arm64 1.2.4 104.00 NOTE
r-release-macos-x86_64 1.2.4 170.00 NOTE
r-release-windows-x86_64 1.2.4 53.00 240.00 293.00 OK
r-oldrel-macos-arm64 1.2.4 92.00 NOTE
r-oldrel-macos-x86_64 1.2.4 116.00 NOTE
r-oldrel-windows-ix86+x86_64 1.2.4 68.00 241.00 309.00 OK

Check Details

Version: 1.2.4
Check: data for non-ASCII characters
Result: NOTE
     Note: found 329984 marked UTF-8 strings
Flavors: r-devel-linux-x86_64-fedora-clang, r-devel-linux-x86_64-fedora-gcc, r-release-macos-arm64, r-release-macos-x86_64, r-oldrel-macos-arm64, r-oldrel-macos-x86_64