Last updated on 2024-07-17 20:57:01 CEST.
Flavor | Version | Tinstall | Tcheck | Ttotal | Status | Flags |
---|---|---|---|---|---|---|
r-devel-linux-x86_64-debian-clang | 0.2.7 | 13.30 | 126.55 | 139.85 | OK | |
r-devel-linux-x86_64-debian-gcc | 0.2.7 | 11.89 | 95.73 | 107.62 | OK | |
r-devel-linux-x86_64-fedora-clang | 0.2.7 | 192.05 | OK | |||
r-devel-linux-x86_64-fedora-gcc | 0.2.7 | 162.74 | OK | |||
r-devel-windows-x86_64 | 0.2.7 | 13.00 | 105.00 | 118.00 | NOTE | |
r-patched-linux-x86_64 | 0.2.7 | 15.52 | 123.84 | 139.36 | OK | |
r-release-linux-x86_64 | 0.2.7 | 10.81 | 123.90 | 134.71 | OK | |
r-release-macos-arm64 | 0.2.7 | 48.00 | OK | |||
r-release-macos-x86_64 | 0.2.7 | 77.00 | OK | |||
r-release-windows-x86_64 | 0.2.7 | 13.00 | 106.00 | 119.00 | OK | |
r-oldrel-macos-arm64 | 0.2.7 | 53.00 | OK | |||
r-oldrel-macos-x86_64 | 0.2.7 | 91.00 | OK | |||
r-oldrel-windows-x86_64 | 0.2.7 | 18.00 | 130.00 | 148.00 | OK |
Version: 0.2.7
Check: Rd cross-references
Result: NOTE
Found the following Rd file(s) with Rd \link{} targets missing package
anchors:
Tgraph.Rd: qgraph
Please provide package anchors for all Rd \link{} targets not in the
package itself and the base packages.
Flavor: r-devel-windows-x86_64