Last updated on 2025-05-03 21:51:21 CEST.
Flavor | Version | Tinstall | Tcheck | Ttotal | Status | Flags |
---|---|---|---|---|---|---|
r-devel-linux-x86_64-debian-clang | 1.2.4 | 16.20 | 74.04 | 90.24 | OK | |
r-devel-linux-x86_64-debian-gcc | 1.2.4 | 9.10 | 52.63 | 61.73 | OK | |
r-devel-linux-x86_64-fedora-clang | 1.2.4 | 150.18 | OK | |||
r-devel-linux-x86_64-fedora-gcc | 1.2.4 | 145.30 | WARN | |||
r-devel-windows-x86_64 | 1.2.4 | 18.00 | 112.00 | 130.00 | OK | |
r-patched-linux-x86_64 | 1.2.4 | 14.68 | 67.81 | 82.49 | OK | |
r-release-linux-x86_64 | OK | |||||
r-release-macos-arm64 | 1.2.4 | 64.00 | OK | |||
r-release-macos-x86_64 | 1.2.4 | 103.00 | OK | |||
r-release-windows-x86_64 | 1.2.4 | 18.00 | 109.00 | 127.00 | OK | |
r-oldrel-macos-arm64 | 1.2.4 | 45.00 | OK | |||
r-oldrel-macos-x86_64 | 1.2.4 | 80.00 | OK | |||
r-oldrel-windows-x86_64 | 1.2.4 | 21.00 | 128.00 | 149.00 | OK |
Version: 1.2.4
Check: whether package can be installed
Result: WARN
Found the following significant warnings:
Warning: Symbol 'isu' at (1) is declared in a BLOCK DATA program unit but is not in a COMMON block [-Wunused-variable]
See ‘/data/gannet/ripley/R/packages/tests-devel/IAPWS95.Rcheck/00install.out’ for details.
* used C compiler: ‘gcc-15 (GCC) 15.1.0’
* used Fortran compiler: ‘GNU Fortran (GCC) 15.1.0’
Flavor: r-devel-linux-x86_64-fedora-gcc