Last updated on 2024-07-17 20:57:01 CEST.
Flavor | Version | Tinstall | Tcheck | Ttotal | Status | Flags |
---|---|---|---|---|---|---|
r-devel-linux-x86_64-debian-clang | 3.0-13 | 23.96 | 211.70 | 235.66 | NOTE | |
r-devel-linux-x86_64-debian-gcc | 3.0-13 | 18.82 | 149.50 | 168.32 | NOTE | |
r-devel-linux-x86_64-fedora-clang | 3.0-13 | 294.89 | NOTE | |||
r-devel-linux-x86_64-fedora-gcc | 3.0-13 | 282.16 | NOTE | |||
r-devel-windows-x86_64 | 3.0-13 | 23.00 | 152.00 | 175.00 | NOTE | |
r-patched-linux-x86_64 | 3.0-13 | 28.22 | 196.75 | 224.97 | NOTE | |
r-release-linux-x86_64 | 3.0-13 | 26.54 | 201.15 | 227.69 | NOTE | |
r-release-macos-arm64 | 3.0-13 | 73.00 | NOTE | |||
r-release-macos-x86_64 | 3.0-13 | 118.00 | NOTE | |||
r-release-windows-x86_64 | 3.0-13 | 22.00 | 153.00 | 175.00 | NOTE | |
r-oldrel-macos-arm64 | 3.0-13 | 82.00 | OK | |||
r-oldrel-macos-x86_64 | 3.0-13 | 141.00 | OK | |||
r-oldrel-windows-x86_64 | 3.0-13 | 30.00 | 188.00 | 218.00 | OK |
Version: 3.0-13
Check: Rd files
Result: NOTE
checkRd: (-1) sampleMcmc.Rd:93: Lost braces; missing escapes or markup?
93 | disable some of them, by adding a \code{$UPDATER_NAME=FALSE} pair to the {updater} argument. Another usage of
| ^
Flavors: r-devel-linux-x86_64-debian-clang, r-devel-linux-x86_64-debian-gcc, r-devel-linux-x86_64-fedora-clang, r-devel-linux-x86_64-fedora-gcc, r-devel-windows-x86_64, r-patched-linux-x86_64, r-release-linux-x86_64, r-release-macos-arm64, r-release-macos-x86_64, r-release-windows-x86_64
Version: 3.0-13
Check: Rd cross-references
Result: NOTE
Found the following Rd file(s) with Rd \link{} targets missing package
anchors:
plotBeta.Rd: image.plot
plotGamma.Rd: image.plot
Please provide package anchors for all Rd \link{} targets not in the
package itself and the base packages.
Flavor: r-devel-windows-x86_64