Last updated on 2023-11-27 19:52:41 CET.
Flavor | Version | Tinstall | Tcheck | Ttotal | Status | Flags |
---|---|---|---|---|---|---|
r-devel-linux-x86_64-debian-clang | 0.3.2 | 7.09 | 84.40 | 91.49 | NOTE | |
r-devel-linux-x86_64-debian-gcc | 0.3.2 | 7.03 | 70.81 | 77.84 | NOTE | |
r-devel-linux-x86_64-fedora-clang | 0.3.2 | 113.07 | NOTE | |||
r-devel-linux-x86_64-fedora-gcc | 0.3.2 | 121.58 | NOTE | |||
r-devel-windows-x86_64 | 0.3.2 | 8.00 | 126.00 | 134.00 | NOTE | |
r-patched-linux-x86_64 | 0.3.2 | 6.09 | 79.98 | 86.07 | OK | |
r-release-linux-x86_64 | 0.3.2 | 4.96 | 80.12 | 85.08 | OK | |
r-release-macos-arm64 | 0.3.2 | 51.00 | OK | |||
r-release-macos-x86_64 | 0.3.2 | 77.00 | NOTE | |||
r-release-windows-x86_64 | 0.3.2 | 10.00 | 126.00 | 136.00 | OK | |
r-oldrel-macos-arm64 | 0.3.2 | 61.00 | OK | |||
r-oldrel-macos-x86_64 | 0.3.2 | 100.00 | OK | |||
r-oldrel-windows-x86_64 | 0.3.2 | 10.00 | 132.00 | 142.00 | OK |
Version: 0.3.2
Check: Rd metadata
Result: NOTE
Invalid package aliases in Rd file 'histogram-package.Rd':
‘histogramtools-package’
Flavors: r-devel-linux-x86_64-debian-clang, r-devel-linux-x86_64-debian-gcc, r-devel-linux-x86_64-fedora-clang, r-devel-linux-x86_64-fedora-gcc, r-devel-windows-x86_64
Version: 0.3.2
Check: package dependencies
Result: NOTE
Package which this enhances but not available for checking: ‘RProtoBuf’
Flavor: r-release-macos-x86_64
Version: 0.3.2
Check: Rd cross-references
Result: NOTE
Package unavailable to check Rd xrefs: ‘RProtoBuf’
Flavor: r-release-macos-x86_64