Last updated on 2024-05-06 20:50:03 CEST.
Flavor | Version | Tinstall | Tcheck | Ttotal | Status | Flags |
---|---|---|---|---|---|---|
r-devel-linux-x86_64-debian-clang | 1.0.2 | 0.60 | 2.16 | 2.76 | ERROR | |
r-devel-linux-x86_64-debian-gcc | 1.0.2 | 27.97 | 247.95 | 275.92 | OK | |
r-devel-linux-x86_64-fedora-clang | 1.0.2 | 508.42 | OK | |||
r-devel-linux-x86_64-fedora-gcc | 1.0.2 | 569.29 | OK | |||
r-devel-windows-x86_64 | 1.0.2 | 33.00 | 229.00 | 262.00 | OK | |
r-patched-linux-x86_64 | 1.0.2 | 24.16 | 315.20 | 339.36 | OK | |
r-release-linux-x86_64 | 1.0.2 | 28.82 | 316.30 | 345.12 | OK | |
r-release-macos-arm64 | 1.0.2 | 121.00 | OK | |||
r-release-macos-x86_64 | 1.0.2 | 226.00 | OK | |||
r-release-windows-x86_64 | 1.0.2 | 33.00 | 226.00 | 259.00 | OK | |
r-oldrel-macos-arm64 | 1.0.2 | 123.00 | OK | |||
r-oldrel-macos-x86_64 | 1.0.2 | 173.00 | OK | |||
r-oldrel-windows-x86_64 | 1.0.2 | 45.00 | 303.00 | 348.00 | OK |
Version: 1.0.2
Check: package dependencies
Result: ERROR
Packages required but not available: 'DESeq2', 'SummarizedExperiment'
See section ‘The DESCRIPTION file’ in the ‘Writing R Extensions’
manual.
Flavor: r-devel-linux-x86_64-debian-clang