Last updated on 2025-11-02 23:49:40 CET.
| Flavor | Version | Tinstall | Tcheck | Ttotal | Status | Flags | 
|---|---|---|---|---|---|---|
| r-devel-linux-x86_64-debian-clang | 7.3.2 | 21.64 | 386.73 | 408.37 | OK | |
| r-devel-linux-x86_64-debian-gcc | 7.3.2 | 14.70 | 245.77 | 260.47 | OK | |
| r-devel-linux-x86_64-fedora-clang | 7.3.2 | 97.00 | 588.09 | 685.09 | OK | |
| r-devel-linux-x86_64-fedora-gcc | 7.3.2 | 44.00 | 602.76 | 646.76 | OK | |
| r-devel-windows-x86_64 | 7.3.2 | 25.00 | 410.00 | 435.00 | OK | |
| r-patched-linux-x86_64 | 7.3.2 | 22.28 | 367.03 | 389.31 | OK | |
| r-release-linux-x86_64 | 7.3.2 | 19.99 | 365.58 | 385.57 | OK | |
| r-release-macos-arm64 | 7.3.2 | 13.00 | 180.00 | 193.00 | OK | |
| r-release-macos-x86_64 | 7.3.2 | 19.00 | 318.00 | 337.00 | OK | |
| r-release-windows-x86_64 | 7.3.2 | 27.00 | 407.00 | 434.00 | OK | |
| r-oldrel-macos-arm64 | 7.3.2 | 11.00 | 165.00 | 176.00 | NOTE | |
| r-oldrel-macos-x86_64 | 7.3.2 | 31.00 | 498.00 | 529.00 | NOTE | |
| r-oldrel-windows-x86_64 | 7.3.2 | 34.00 | 530.00 | 564.00 | OK | 
Version: 7.3.2
Check: package dependencies
Result: NOTE
  Package suggested but not available for checking: ‘Rmpi’
Flavors: r-oldrel-macos-arm64, r-oldrel-macos-x86_64