CRAN Package Check Results for Package HadamardR

Last updated on 2025-11-02 23:49:40 CET.

Flavor Version Tinstall Tcheck Ttotal Status Flags
r-devel-linux-x86_64-debian-clang 1.0.0 2.53 32.81 35.34 OK
r-devel-linux-x86_64-debian-gcc 1.0.0 2.78 24.28 27.06 OK
r-devel-linux-x86_64-fedora-clang 1.0.0 18.00 39.15 57.15 OK
r-devel-linux-x86_64-fedora-gcc 1.0.0 48.01 OK
r-devel-windows-x86_64 1.0.0 5.00 58.00 63.00 OK
r-patched-linux-x86_64 1.0.0 4.15 30.93 35.08 OK
r-release-linux-x86_64 1.0.0 3.66 30.54 34.20 OK
r-release-macos-arm64 1.0.0 1.00 17.00 18.00 OK
r-release-macos-x86_64 1.0.0 3.00 31.00 34.00 OK
r-release-windows-x86_64 1.0.0 6.00 56.00 62.00 OK
r-oldrel-macos-arm64 1.0.0 2.00 15.00 17.00 NOTE
r-oldrel-macos-x86_64 1.0.0 3.00 26.00 29.00 NOTE
r-oldrel-windows-x86_64 1.0.0 7.00 66.00 73.00 NOTE

Check Details

Version: 1.0.0
Check: LazyData
Result: NOTE 'LazyData' is specified without a 'data' directory Flavors: r-oldrel-macos-arm64, r-oldrel-macos-x86_64, r-oldrel-windows-x86_64