Last updated on 2025-05-03 21:51:20 CEST.
Flavor | Version | Tinstall | Tcheck | Ttotal | Status | Flags |
---|---|---|---|---|---|---|
r-devel-linux-x86_64-debian-clang | 1.4 | 10.22 | 90.36 | 100.58 | NOTE | |
r-devel-linux-x86_64-debian-gcc | 1.4 | 7.83 | 65.81 | 73.64 | NOTE | |
r-devel-linux-x86_64-fedora-clang | 1.4 | 149.65 | OK | |||
r-devel-linux-x86_64-fedora-gcc | 1.4 | 162.33 | OK | |||
r-devel-windows-x86_64 | 1.4 | 12.00 | 115.00 | 127.00 | OK | |
r-patched-linux-x86_64 | 1.4 | 11.49 | 85.55 | 97.04 | OK | |
r-release-linux-x86_64 | OK | |||||
r-release-macos-arm64 | 1.4 | 55.00 | OK | |||
r-release-macos-x86_64 | 1.4 | 88.00 | OK | |||
r-release-windows-x86_64 | 1.4 | 12.00 | 111.00 | 123.00 | OK | |
r-oldrel-macos-arm64 | 1.4 | 52.00 | OK | |||
r-oldrel-macos-x86_64 | 1.4 | 83.00 | OK | |||
r-oldrel-windows-x86_64 | 1.4 | 16.00 | 130.00 | 146.00 | OK |
Version: 1.4
Check: CRAN incoming feasibility
Result: NOTE
Maintainer: ‘Berkley Shands <rpackages@biorankings.com>’
No Authors@R field in DESCRIPTION.
Please add one, modifying
Authors@R: c(person(given = c("Patricio", "S."),
family = "La Rosa",
role = "aut"),
person(given = "Elena",
family = "Deych",
role = "aut"),
person(given = "Berkley",
family = "Shands",
role = c("aut", "cre"),
email = "rpackages@biorankings.com"),
person(given = c("William", "D."),
family = "Shannon",
role = "aut"))
as necessary.
Flavors: r-devel-linux-x86_64-debian-clang, r-devel-linux-x86_64-debian-gcc