CRAN Package Check Results for Package HMB

Last updated on 2022-09-28 21:51:39 CEST.

Flavor Version Tinstall Tcheck Ttotal Status Flags
r-devel-linux-x86_64-debian-clang 1.1 118.64 35.48 154.12 OK
r-devel-linux-x86_64-debian-gcc 1.1 103.89 28.30 132.19 OK
r-devel-linux-x86_64-fedora-clang 1.1 270.46 OK
r-devel-linux-x86_64-fedora-gcc 1.1 231.06 OK
r-devel-windows-x86_64 1.1 103.00 84.00 187.00 OK
r-patched-linux-x86_64 1.1 110.00 34.93 144.93 OK
r-release-linux-x86_64 1.1 104.01 33.98 137.99 OK
r-release-macos-arm64 1.1 52.00 NOTE
r-release-macos-x86_64 1.1 71.00 NOTE
r-release-windows-x86_64 1.1 108.00 84.00 192.00 OK
r-oldrel-macos-arm64 1.1 63.00 NOTE
r-oldrel-macos-x86_64 1.1 150.00 NOTE
r-oldrel-windows-ix86+x86_64 1.1 328.00 86.00 414.00 NOTE

Check Details

Version: 1.1
Check: installed package size
Result: NOTE
     installed size is 8.1Mb
     sub-directories of 1Mb or more:
     data 3.5Mb
     libs 4.3Mb
Flavors: r-release-macos-arm64, r-release-macos-x86_64, r-oldrel-macos-arm64, r-oldrel-macos-x86_64, r-oldrel-windows-ix86+x86_64