Last updated on 2024-07-17 20:57:01 CEST.
Flavor | Version | Tinstall | Tcheck | Ttotal | Status | Flags |
---|---|---|---|---|---|---|
r-devel-linux-x86_64-debian-clang | 0.2-6 | 3.55 | 43.74 | 47.29 | OK | |
r-devel-linux-x86_64-debian-gcc | 0.2-6 | 3.97 | 31.84 | 35.81 | OK | |
r-devel-linux-x86_64-fedora-clang | 0.2-6 | 59.58 | OK | |||
r-devel-linux-x86_64-fedora-gcc | 0.2-6 | 56.10 | OK | |||
r-devel-windows-x86_64 | 0.2-6 | 5.00 | 59.00 | 64.00 | NOTE | |
r-patched-linux-x86_64 | 0.2-6 | 8.37 | 41.76 | 50.13 | OK | |
r-release-linux-x86_64 | 0.2-6 | 4.55 | 41.28 | 45.83 | OK | |
r-release-macos-arm64 | 0.2-6 | 19.00 | OK | |||
r-release-macos-x86_64 | 0.2-6 | 31.00 | OK | |||
r-release-windows-x86_64 | 0.2-6 | 5.00 | 60.00 | 65.00 | OK | |
r-oldrel-macos-arm64 | 0.2-6 | 23.00 | OK | |||
r-oldrel-macos-x86_64 | 0.2-6 | 28.00 | OK | |||
r-oldrel-windows-x86_64 | 0.2-6 | 7.00 | 57.00 | 64.00 | OK |
Version: 0.2-6
Check: Rd cross-references
Result: NOTE
Found the following Rd file(s) with Rd \link{} targets missing package
anchors:
fh_hetop.Rd: jags
Please provide package anchors for all Rd \link{} targets not in the
package itself and the base packages.
Flavor: r-devel-windows-x86_64