Last updated on 2024-04-23 20:52:06 CEST.
Flavor | Version | Tinstall | Tcheck | Ttotal | Status | Flags |
---|---|---|---|---|---|---|
r-devel-linux-x86_64-debian-clang | 1.0.2 | 142.59 | 42.91 | 185.50 | OK | |
r-devel-linux-x86_64-debian-gcc | 1.0.2 | 110.45 | 40.64 | 151.09 | OK | |
r-devel-linux-x86_64-fedora-clang | 1.0.2 | 217.00 | OK | |||
r-devel-linux-x86_64-fedora-gcc | 1.0.2 | 266.79 | OK | |||
r-prerel-macos-arm64 | 1.0.2 | 50.00 | NOTE | |||
r-prerel-windows-x86_64 | 1.0.2 | 91.00 | 77.00 | 168.00 | OK | |
r-patched-linux-x86_64 | 1.0.2 | 137.84 | 52.02 | 189.86 | OK | |
r-release-linux-x86_64 | 1.0.2 | 132.16 | 52.25 | 184.41 | OK | |
r-release-macos-arm64 | 1.0.2 | 56.00 | NOTE | |||
r-release-macos-x86_64 | 1.0.2 | 89.00 | NOTE | |||
r-release-windows-x86_64 | 1.0.2 | 124.00 | 91.00 | 215.00 | OK | |
r-oldrel-macos-arm64 | 1.0.2 | 56.00 | NOTE | |||
r-oldrel-windows-x86_64 | 1.0.2 | 113.00 | 88.00 | 201.00 | OK |
Version: 1.0.2
Check: installed package size
Result: NOTE
installed size is 28.9Mb
sub-directories of 1Mb or more:
libs 28.7Mb
Flavors: r-prerel-macos-arm64, r-release-macos-arm64, r-release-macos-x86_64, r-oldrel-macos-arm64