Last updated on 2025-10-31 19:58:13 CET.
| Flavor | Version | Tinstall | Tcheck | Ttotal | Status | Flags | 
|---|---|---|---|---|---|---|
| r-devel-linux-x86_64-debian-clang | 0.1.3 | 12.73 | 22.98 | 35.71 | NOTE | |
| r-devel-linux-x86_64-debian-gcc | 0.1.3 | 9.24 | 18.86 | 28.10 | NOTE | |
| r-devel-linux-x86_64-fedora-clang | 0.1.3 | 36.00 | 18.05 | 54.05 | NOTE | |
| r-devel-linux-x86_64-fedora-gcc | 0.1.3 | 53.00 | 1.86 | 54.86 | NOTE | |
| r-devel-windows-x86_64 | 0.1.3 | 14.00 | 40.00 | 54.00 | OK | |
| r-patched-linux-x86_64 | 0.1.3 | 11.71 | 21.73 | 33.44 | OK | |
| r-release-linux-x86_64 | 0.1.3 | 12.40 | 21.49 | 33.89 | OK | |
| r-release-macos-arm64 | 0.1.3 | 9.00 | 14.00 | 23.00 | OK | |
| r-release-macos-x86_64 | 0.1.3 | 20.00 | 26.00 | 46.00 | OK | |
| r-release-windows-x86_64 | 0.1.3 | 13.00 | 41.00 | 54.00 | OK | |
| r-oldrel-macos-arm64 | 0.1.3 | 8.00 | 18.00 | 26.00 | OK | |
| r-oldrel-macos-x86_64 | 0.1.3 | 13.00 | 29.00 | 42.00 | OK | |
| r-oldrel-windows-x86_64 | 0.1.3 | 16.00 | 45.00 | 61.00 | OK | 
Version: 0.1.3
Check: Rd files
Result: NOTE
  checkRd: (-1) pain.Rd:114: height/width attributes should be in pixels
Flavors: r-devel-linux-x86_64-debian-clang, r-devel-linux-x86_64-debian-gcc, r-devel-linux-x86_64-fedora-clang, r-devel-linux-x86_64-fedora-gcc