Last updated on 2025-11-23 20:48:50 CET.
| Flavor | Version | Tinstall | Tcheck | Ttotal | Status | Flags |
|---|---|---|---|---|---|---|
| r-devel-linux-x86_64-debian-clang | 0.1.0 | 46.40 | 55.96 | 102.36 | NOTE | |
| r-devel-linux-x86_64-debian-gcc | 0.1.0 | 34.20 | 43.80 | 78.00 | NOTE | |
| r-devel-linux-x86_64-fedora-clang | 0.1.0 | 80.00 | 80.96 | 160.96 | OK | |
| r-devel-windows-x86_64 | 0.1.0 | 59.00 | 82.00 | 141.00 | OK | |
| r-patched-linux-x86_64 | 0.1.0 | 52.96 | 52.98 | 105.94 | OK | |
| r-release-linux-x86_64 | 0.1.0 | 51.79 | 53.78 | 105.57 | OK | |
| r-release-macos-arm64 | 0.1.0 | OK | ||||
| r-release-macos-x86_64 | 0.1.0 | 36.00 | 46.00 | 82.00 | OK | |
| r-release-windows-x86_64 | 0.1.0 | 55.00 | 95.00 | 150.00 | OK | |
| r-oldrel-macos-arm64 | 0.1.0 | NOTE | ||||
| r-oldrel-macos-x86_64 | 0.1.0 | 27.00 | 38.00 | 65.00 | NOTE | |
| r-oldrel-windows-x86_64 | 0.1.0 | 63.00 | 104.00 | 167.00 | OK |
Version: 0.1.0
Check: CRAN incoming feasibility
Result: NOTE
Maintainer: ‘Jiehuan Sun <jiehuan.sun@gmail.com>’
No Authors@R field in DESCRIPTION.
Please add one, modifying
Authors@R: person(given = "Jiehuan",
family = "Sun",
role = c("aut", "cre"),
email = "jiehuan.sun@gmail.com")
as necessary.
Flavors: r-devel-linux-x86_64-debian-clang, r-devel-linux-x86_64-debian-gcc
Version: 0.1.0
Check: installed package size
Result: NOTE
installed size is 6.2Mb
sub-directories of 1Mb or more:
libs 5.6Mb
Flavors: r-oldrel-macos-arm64, r-oldrel-macos-x86_64