Last updated on 2025-05-09 20:49:52 CEST.
Flavor | Version | Tinstall | Tcheck | Ttotal | Status | Flags |
---|---|---|---|---|---|---|
r-devel-linux-x86_64-debian-clang | 1.1 | 2.41 | 52.75 | 55.16 | NOTE | |
r-devel-linux-x86_64-debian-gcc | 1.1 | 1.96 | 35.46 | 37.42 | NOTE | |
r-devel-linux-x86_64-fedora-clang | 1.1 | 90.00 | OK | |||
r-devel-linux-x86_64-fedora-gcc | 1.1 | 89.59 | OK | |||
r-devel-windows-x86_64 | 1.1 | 3.00 | 72.00 | 75.00 | OK | |
r-patched-linux-x86_64 | 1.1 | 3.06 | 48.70 | 51.76 | OK | |
r-release-linux-x86_64 | 1.1 | 2.54 | 47.48 | 50.02 | OK | |
r-release-macos-arm64 | 1.1 | 25.00 | OK | |||
r-release-macos-x86_64 | 1.1 | 50.00 | OK | |||
r-release-windows-x86_64 | 1.1 | 5.00 | 71.00 | 76.00 | OK | |
r-oldrel-macos-arm64 | 1.1 | 24.00 | OK | |||
r-oldrel-macos-x86_64 | 1.1 | 45.00 | OK | |||
r-oldrel-windows-x86_64 | 1.1 | 3.00 | 71.00 | 74.00 | OK |
Version: 1.1
Check: CRAN incoming feasibility
Result: NOTE
Maintainer: ‘Brisa N. Sanchez <brisa@umich.edu>’
No Authors@R field in DESCRIPTION.
Please add one, modifying
Authors@R: c(person(given = "Meihua",
family = "Wu",
role = "aut",
email = "meihuawu@umich.edu"),
person(given = c("Brisa", "N."),
family = "Sanchez",
role = c("aut", "cre"),
email = "brisa@umich.edu"),
person(given = c("Peter", "X.K."),
family = "Song",
role = "aut",
email = "pxsong@umich.edu"),
person(given = "Raymond",
family = "Luu",
role = "aut",
email = "raluu@umich.edu"),
person(given = "Wen",
family = "Wang",
role = "aut",
email = "wangwen@umich.edu"))
as necessary.
Flavors: r-devel-linux-x86_64-debian-clang, r-devel-linux-x86_64-debian-gcc