Last updated on 2025-11-03 21:50:23 CET.
| Flavor | Version | Tinstall | Tcheck | Ttotal | Status | Flags | 
|---|---|---|---|---|---|---|
| r-devel-linux-x86_64-debian-clang | 0.2.6 | 81.54 | 77.27 | 158.81 | NOTE | |
| r-devel-linux-x86_64-debian-gcc | 0.2.6 | 54.63 | 47.00 | 101.63 | NOTE | |
| r-devel-linux-x86_64-fedora-clang | 0.2.6 | 229.00 | 74.75 | 303.75 | OK | |
| r-devel-linux-x86_64-fedora-gcc | 0.2.6 | 139.00 | 140.66 | 279.66 | OK | |
| r-devel-windows-x86_64 | 0.2.6 | 87.00 | 109.00 | 196.00 | OK | |
| r-patched-linux-x86_64 | 0.2.6 | 82.85 | 74.58 | 157.43 | OK | |
| r-release-linux-x86_64 | 0.2.6 | 79.77 | 54.21 | 133.98 | OK | |
| r-release-macos-arm64 | 0.2.6 | 28.00 | 42.00 | 70.00 | OK | |
| r-release-macos-x86_64 | 0.2.6 | 26.00 | 91.00 | 117.00 | OK | |
| r-release-windows-x86_64 | 0.2.6 | 91.00 | 107.00 | 198.00 | OK | |
| r-oldrel-macos-arm64 | 0.2.6 | 37.00 | 42.00 | 79.00 | OK | |
| r-oldrel-macos-x86_64 | 0.2.6 | 30.00 | 69.00 | 99.00 | OK | |
| r-oldrel-windows-x86_64 | 0.2.6 | 91.00 | 125.00 | 216.00 | OK | 
Version: 0.2.6
Check: CRAN incoming feasibility
Result: NOTE
  Maintainer: ‘Ezequiel Toum <etoum@mendoza-conicet.gob.ar>’
  
  No Authors@R field in DESCRIPTION.
  Please add one, modifying
    Authors@R: person(given = "Ezequiel",
                      family = "Toum",
                      role = c("aut", "cre"),
                      email = "etoum@mendoza-conicet.gob.ar")
  as necessary.
  
  Package CITATION file contains call(s) to old-style personList() or
  as.personList().  Please use c() on person objects instead.
  Package CITATION file contains call(s) to old-style citEntry().  Please
  use bibentry() instead.
Flavors: r-devel-linux-x86_64-debian-clang, r-devel-linux-x86_64-debian-gcc