Last updated on 2024-07-17 20:57:01 CEST.
Flavor | Version | Tinstall | Tcheck | Ttotal | Status | Flags |
---|---|---|---|---|---|---|
r-devel-linux-x86_64-debian-clang | 0.0.5 | 34.13 | 258.16 | 292.29 | OK | |
r-devel-linux-x86_64-debian-gcc | 0.0.5 | 23.17 | 189.65 | 212.82 | OK | |
r-devel-linux-x86_64-fedora-clang | 0.0.5 | 385.98 | OK | |||
r-devel-linux-x86_64-fedora-gcc | 0.0.5 | 340.21 | OK | |||
r-devel-windows-x86_64 | 0.0.5 | 26.00 | 173.00 | 199.00 | OK | |
r-patched-linux-x86_64 | 0.0.5 | 22.76 | 248.68 | 271.44 | OK | |
r-release-linux-x86_64 | 0.0.5 | 21.60 | 242.99 | 264.59 | OK | |
r-release-macos-arm64 | 0.0.5 | 96.00 | OK | |||
r-release-macos-x86_64 | 0.0.5 | 148.00 | OK | |||
r-release-windows-x86_64 | 0.0.5 | 25.00 | 175.00 | 200.00 | OK | |
r-oldrel-macos-arm64 | 0.0.5 | 5.00 | ERROR | |||
r-oldrel-macos-x86_64 | 0.0.5 | 164.00 | OK | |||
r-oldrel-windows-x86_64 | 0.0.5 | 34.00 | 234.00 | 268.00 | OK |
Version: 0.0.5
Check: package dependencies
Result: ERROR
Package required but not available: ‘DOSE’
See section ‘The DESCRIPTION file’ in the ‘Writing R Extensions’
manual.
Flavor: r-oldrel-macos-arm64