Last updated on 2024-07-17 20:57:01 CEST.
Flavor | Version | Tinstall | Tcheck | Ttotal | Status | Flags |
---|---|---|---|---|---|---|
r-devel-linux-x86_64-debian-clang | 1.0.0 | 22.74 | 183.02 | 205.76 | OK | |
r-devel-linux-x86_64-debian-gcc | 1.0.0 | 14.97 | 134.58 | 149.55 | OK | |
r-devel-linux-x86_64-fedora-clang | 1.0.0 | 249.10 | OK | |||
r-devel-linux-x86_64-fedora-gcc | 1.0.0 | 235.83 | OK | |||
r-devel-windows-x86_64 | 1.0.0 | 18.00 | 126.00 | 144.00 | OK | |
r-patched-linux-x86_64 | 1.0.0 | 18.44 | 167.61 | 186.05 | OK | |
r-release-linux-x86_64 | 1.0.0 | 17.54 | 170.91 | 188.45 | OK | |
r-release-macos-arm64 | 1.0.0 | 6.00 | ERROR | |||
r-release-macos-x86_64 | 1.0.0 | 141.00 | OK | |||
r-release-windows-x86_64 | 1.0.0 | 18.00 | 125.00 | 143.00 | OK | |
r-oldrel-macos-arm64 | 1.0.0 | 74.00 | OK | |||
r-oldrel-macos-x86_64 | 1.0.0 | 11.00 | ERROR | |||
r-oldrel-windows-x86_64 | 1.0.0 | 24.00 | 161.00 | 185.00 | OK |
Version: 1.0.0
Check: package dependencies
Result: ERROR
Package required but not available: ‘org.Mm.eg.db’
See section ‘The DESCRIPTION file’ in the ‘Writing R Extensions’
manual.
Flavors: r-release-macos-arm64, r-oldrel-macos-x86_64