Last updated on 2023-10-04 20:42:29 CEST.
Flavor | Version | Tinstall | Tcheck | Ttotal | Status | Flags |
---|---|---|---|---|---|---|
r-devel-linux-x86_64-debian-clang | 0.5.3 | 9.31 | 84.03 | 93.34 | NOTE | |
r-devel-linux-x86_64-debian-gcc | 0.5.3 | 7.43 | 65.32 | 72.75 | NOTE | |
r-devel-linux-x86_64-fedora-clang | 0.5.3 | 111.07 | NOTE | |||
r-devel-linux-x86_64-fedora-gcc | 0.5.3 | 122.77 | NOTE | |||
r-devel-windows-x86_64 | 0.5.3 | 8.00 | 97.00 | 105.00 | NOTE | |
r-patched-linux-x86_64 | 0.5.3 | 7.06 | 82.53 | 89.59 | NOTE | |
r-release-linux-x86_64 | 0.5.3 | 8.59 | 83.49 | 92.08 | NOTE | |
r-release-macos-arm64 | 0.5.3 | 40.00 | NOTE | |||
r-release-macos-x86_64 | 0.5.3 | 60.00 | NOTE | |||
r-release-windows-x86_64 | 0.5.3 | 12.00 | 109.00 | 121.00 | NOTE | |
r-oldrel-macos-arm64 | 0.5.3 | 37.00 | NOTE | |||
r-oldrel-macos-x86_64 | 0.5.3 | 48.00 | NOTE | |||
r-oldrel-windows-x86_64 | 0.5.3 | 10.00 | 105.00 | 115.00 | NOTE |
Version: 0.5.3
Check: LazyData
Result: NOTE
'LazyData' is specified without a 'data' directory
Flavors: r-devel-linux-x86_64-debian-clang, r-devel-linux-x86_64-debian-gcc, r-devel-linux-x86_64-fedora-clang, r-devel-linux-x86_64-fedora-gcc, r-devel-windows-x86_64, r-patched-linux-x86_64, r-release-linux-x86_64, r-release-macos-arm64, r-release-macos-x86_64, r-release-windows-x86_64, r-oldrel-macos-arm64, r-oldrel-macos-x86_64, r-oldrel-windows-x86_64