Last updated on 2025-05-03 21:51:20 CEST.
Flavor | Version | Tinstall | Tcheck | Ttotal | Status | Flags |
---|---|---|---|---|---|---|
r-devel-linux-x86_64-debian-clang | 0.5.3 | 7.48 | 61.71 | 69.19 | NOTE | |
r-devel-linux-x86_64-debian-gcc | 0.5.3 | 4.77 | 48.01 | 52.78 | NOTE | |
r-devel-linux-x86_64-fedora-clang | 0.5.3 | 114.30 | OK | |||
r-devel-linux-x86_64-fedora-gcc | 0.5.3 | 104.18 | OK | |||
r-devel-windows-x86_64 | 0.5.3 | 7.00 | 79.00 | 86.00 | OK | |
r-patched-linux-x86_64 | 0.5.3 | 7.15 | 60.44 | 67.59 | OK | |
r-release-linux-x86_64 | OK | |||||
r-release-macos-arm64 | 0.5.3 | 37.00 | OK | |||
r-release-macos-x86_64 | 0.5.3 | 68.00 | OK | |||
r-release-windows-x86_64 | 0.5.3 | 9.00 | 80.00 | 89.00 | OK | |
r-oldrel-macos-arm64 | 0.5.3 | 33.00 | NOTE | |||
r-oldrel-macos-x86_64 | 0.5.3 | 50.00 | NOTE | |||
r-oldrel-windows-x86_64 | 0.5.3 | 9.00 | 93.00 | 102.00 | NOTE |
Version: 0.5.3
Check: CRAN incoming feasibility
Result: NOTE
Maintainer: ‘Sen Zhao <sen-zhao@sen-zhao.com>’
No Authors@R field in DESCRIPTION.
Please add one, modifying
Authors@R: person(given = "Sen",
family = "Zhao",
role = c("aut", "cre"),
email = "sen-zhao@sen-zhao.com")
as necessary.
Flavors: r-devel-linux-x86_64-debian-clang, r-devel-linux-x86_64-debian-gcc
Version: 0.5.3
Check: LazyData
Result: NOTE
'LazyData' is specified without a 'data' directory
Flavors: r-oldrel-macos-arm64, r-oldrel-macos-x86_64, r-oldrel-windows-x86_64