CRAN Package Check Results for Package Grace

Last updated on 2022-09-28 21:51:38 CEST.

Flavor Version Tinstall Tcheck Ttotal Status Flags
r-devel-linux-x86_64-debian-clang 0.5.3 6.89 80.34 87.23 NOTE
r-devel-linux-x86_64-debian-gcc 0.5.3 7.10 62.70 69.80 NOTE
r-devel-linux-x86_64-fedora-clang 0.5.3 122.42 NOTE
r-devel-linux-x86_64-fedora-gcc 0.5.3 119.49 NOTE
r-devel-windows-x86_64 0.5.3 11.00 121.00 132.00 NOTE
r-patched-linux-x86_64 0.5.3 6.82 77.55 84.37 NOTE
r-release-linux-x86_64 0.5.3 7.87 78.46 86.33 NOTE
r-release-macos-arm64 0.5.3 33.00 NOTE
r-release-macos-x86_64 0.5.3 48.00 NOTE
r-release-windows-x86_64 0.5.3 11.00 121.00 132.00 NOTE
r-oldrel-macos-arm64 0.5.3 41.00 NOTE
r-oldrel-macos-x86_64 0.5.3 49.00 NOTE
r-oldrel-windows-ix86+x86_64 0.5.3 19.00 100.00 119.00 NOTE

Check Details

Version: 0.5.3
Check: LazyData
Result: NOTE
     'LazyData' is specified without a 'data' directory
Flavors: r-devel-linux-x86_64-debian-clang, r-devel-linux-x86_64-debian-gcc, r-devel-linux-x86_64-fedora-clang, r-devel-linux-x86_64-fedora-gcc, r-devel-windows-x86_64, r-patched-linux-x86_64, r-release-linux-x86_64, r-release-macos-arm64, r-release-macos-x86_64, r-release-windows-x86_64, r-oldrel-macos-arm64, r-oldrel-macos-x86_64, r-oldrel-windows-ix86+x86_64