CRAN Package Check Results for Package GoodmanKruskal

Last updated on 2025-05-06 20:50:42 CEST.

Flavor Version Tinstall Tcheck Ttotal Status Flags
r-devel-linux-x86_64-debian-clang 0.0.3 1.70 29.61 31.31 OK
r-devel-linux-x86_64-debian-gcc 0.0.3 1.30 24.48 25.78 OK
r-devel-linux-x86_64-fedora-clang 0.0.3 50.54 OK
r-devel-linux-x86_64-fedora-gcc 0.0.3 59.83 OK
r-devel-windows-x86_64 0.0.3 3.00 49.00 52.00 OK
r-patched-linux-x86_64 0.0.3 1.86 28.83 30.69 OK
r-release-linux-x86_64 0.0.3 1.73 28.54 30.27 OK
r-release-macos-arm64 0.0.3 40.00 OK
r-release-macos-x86_64 0.0.3 43.00 OK
r-release-windows-x86_64 0.0.3 3.00 47.00 50.00 OK
r-oldrel-macos-arm64 0.0.3 24.00 NOTE
r-oldrel-macos-x86_64 0.0.3 35.00 NOTE
r-oldrel-windows-x86_64 0.0.3 4.00 51.00 55.00 NOTE

Check Details

Version: 0.0.3
Check: LazyData
Result: NOTE 'LazyData' is specified without a 'data' directory Flavors: r-oldrel-macos-arm64, r-oldrel-macos-x86_64, r-oldrel-windows-x86_64