Last updated on 2024-04-27 21:20:21 CEST.
Flavor | Version | Tinstall | Tcheck | Ttotal | Status | Flags |
---|---|---|---|---|---|---|
r-devel-linux-x86_64-debian-clang | 1.0 | 10.95 | 132.13 | 143.08 | OK | |
r-devel-linux-x86_64-debian-gcc | 1.0 | 8.03 | 96.23 | 104.26 | OK | |
r-devel-linux-x86_64-fedora-clang | 1.0 | 176.42 | OK | |||
r-devel-linux-x86_64-fedora-gcc | 1.0 | 180.28 | OK | |||
r-devel-windows-x86_64 | 1.0 | 10.00 | 108.00 | 118.00 | NOTE | |
r-patched-linux-x86_64 | 1.0 | 9.83 | 126.85 | 136.68 | OK | |
r-release-linux-x86_64 | 1.0 | 7.82 | 127.15 | 134.97 | OK | |
r-release-macos-arm64 | 1.0 | 53.00 | OK | |||
r-release-windows-x86_64 | 1.0 | 12.00 | 116.00 | 128.00 | NOTE | |
r-oldrel-macos-arm64 | 1.0 | 62.00 | OK | |||
r-oldrel-macos-x86_64 | 1.0 | 95.00 | OK | |||
r-oldrel-windows-x86_64 | 1.0 | 13.00 | 133.00 | 146.00 | NOTE |
Version: 1.0
Check: package dependencies
Result: NOTE
Package suggested but not available for checking: 'doMC'
Flavors: r-devel-windows-x86_64, r-release-windows-x86_64, r-oldrel-windows-x86_64