CRAN Package Check Results for Package Ghost

Last updated on 2022-09-28 21:51:38 CEST.

Flavor Version Tinstall Tcheck Ttotal Status Flags
r-devel-linux-x86_64-debian-clang 0.1.0 3.64 23.40 27.04 OK
r-devel-linux-x86_64-debian-gcc 0.1.0 2.75 18.76 21.51 OK
r-devel-linux-x86_64-fedora-clang 0.1.0 46.37 NOTE
r-devel-linux-x86_64-fedora-gcc 0.1.0 45.51 NOTE
r-devel-windows-x86_64 0.1.0 14.00 53.00 67.00 OK
r-patched-linux-x86_64 0.1.0 4.67 23.08 27.75 OK
r-release-linux-x86_64 0.1.0 4.22 23.24 27.46 OK
r-release-macos-arm64 0.1.0 15.00 NOTE
r-release-macos-x86_64 0.1.0 22.00 NOTE
r-release-windows-x86_64 0.1.0 17.00 51.00 68.00 OK
r-oldrel-macos-arm64 0.1.0 19.00 NOTE
r-oldrel-macos-x86_64 0.1.0 32.00 NOTE
r-oldrel-windows-ix86+x86_64 0.1.0 8.00 45.00 53.00 OK

Check Details

Version: 0.1.0
Check: dependencies in R code
Result: NOTE
    Namespace in Imports field not imported from: ‘R6’
     All declared Imports should be used.
Flavors: r-devel-linux-x86_64-fedora-clang, r-devel-linux-x86_64-fedora-gcc, r-release-macos-arm64, r-release-macos-x86_64, r-oldrel-macos-arm64, r-oldrel-macos-x86_64