Last updated on 2025-05-03 21:51:19 CEST.
Flavor | Version | Tinstall | Tcheck | Ttotal | Status | Flags |
---|---|---|---|---|---|---|
r-devel-linux-x86_64-debian-clang | 0.2.0 | 3.67 | 30.93 | 34.60 | NOTE | |
r-devel-linux-x86_64-debian-gcc | 0.2.0 | 3.28 | 21.89 | 25.17 | NOTE | |
r-devel-linux-x86_64-fedora-clang | 0.2.0 | 54.44 | NOTE | |||
r-devel-linux-x86_64-fedora-gcc | 0.2.0 | 52.21 | NOTE | |||
r-devel-windows-x86_64 | 0.2.0 | 4.00 | 57.00 | 61.00 | NOTE | |
r-patched-linux-x86_64 | 0.2.0 | 4.59 | 29.88 | 34.47 | NOTE | |
r-release-linux-x86_64 | NOTE | |||||
r-release-macos-arm64 | 0.2.0 | 22.00 | NOTE | |||
r-release-macos-x86_64 | 0.2.0 | 35.00 | NOTE | |||
r-release-windows-x86_64 | 0.2.0 | 5.00 | 52.00 | 57.00 | NOTE | |
r-oldrel-macos-arm64 | 0.2.0 | 19.00 | NOTE | |||
r-oldrel-macos-x86_64 | 0.2.0 | 27.00 | NOTE | |||
r-oldrel-windows-x86_64 | 0.2.0 | 6.00 | 54.00 | 60.00 | NOTE |
Version: 0.2.0
Check: CRAN incoming feasibility
Result: NOTE
Maintainer: ‘Ha-Young Shin <hayoung.shin@gmail.com>’
The Description field contains
Oh, H.-S. (2020) <arXiv:2007.04518>. Also see Fletcher, P. T. (2013)
Please refer to arXiv e-prints via their arXiv DOI <doi:10.48550/arXiv.YYMM.NNNNN>.
Flavors: r-devel-linux-x86_64-debian-clang, r-devel-linux-x86_64-debian-gcc
Version: 0.2.0
Check: Rd files
Result: NOTE
checkRd: (-1) calvaria.Rd:8: Lost braces; missing escapes or markup?
8 | A named list containing \code{x} {a vector containing the ages}
| ^
checkRd: (-1) calvaria.Rd:9: Lost braces; missing escapes or markup?
9 | \code{y} {a matrix where each column is a preshape.} The 23rd, 101st,
| ^
Flavors: r-devel-linux-x86_64-debian-clang, r-devel-linux-x86_64-debian-gcc, r-devel-linux-x86_64-fedora-clang, r-devel-linux-x86_64-fedora-gcc, r-devel-windows-x86_64, r-patched-linux-x86_64, r-release-linux-x86_64, r-release-macos-arm64, r-release-macos-x86_64, r-release-windows-x86_64, r-oldrel-macos-arm64, r-oldrel-macos-x86_64, r-oldrel-windows-x86_64