Last updated on 2024-03-27 19:56:52 CET.
Flavor | Version | Tinstall | Tcheck | Ttotal | Status | Flags |
---|---|---|---|---|---|---|
r-devel-linux-x86_64-debian-clang | 0.1.0 | 3.42 | 57.69 | 61.11 | OK | |
r-devel-linux-x86_64-debian-gcc | 0.1.0 | 3.79 | 41.75 | 45.54 | OK | |
r-devel-linux-x86_64-fedora-clang | 0.1.0 | 72.94 | NOTE | |||
r-devel-linux-x86_64-fedora-gcc | 0.1.0 | 70.60 | NOTE | |||
r-devel-windows-x86_64 | 0.1.0 | 6.00 | 62.00 | 68.00 | OK | |
r-patched-linux-x86_64 | 0.1.0 | 5.29 | 52.86 | 58.15 | OK | |
r-release-linux-x86_64 | 0.1.0 | 5.30 | 53.86 | 59.16 | OK | |
r-release-macos-arm64 | 0.1.0 | 27.00 | OK | |||
r-release-macos-x86_64 | 0.1.0 | 37.00 | OK | |||
r-release-windows-x86_64 | 0.1.0 | 6.00 | 71.00 | 77.00 | OK | |
r-oldrel-macos-arm64 | 0.1.0 | 25.00 | NOTE | |||
r-oldrel-windows-x86_64 | 0.1.0 | 7.00 | 78.00 | 85.00 | OK |
Version: 0.1.0
Check: dependencies in R code
Result: NOTE
Namespace in Imports field not imported from: ‘velociraptr’
All declared Imports should be used.
Flavors: r-devel-linux-x86_64-fedora-clang, r-devel-linux-x86_64-fedora-gcc, r-oldrel-macos-arm64