Last updated on 2024-07-17 20:57:00 CEST.
Flavor | Version | Tinstall | Tcheck | Ttotal | Status | Flags |
---|---|---|---|---|---|---|
r-devel-linux-x86_64-debian-clang | 2.0.4 | 57.79 | 275.63 | 333.42 | OK | |
r-devel-linux-x86_64-debian-gcc | 2.0.4 | 53.41 | 186.21 | 239.62 | OK | |
r-devel-linux-x86_64-fedora-clang | 2.0.4 | 424.43 | OK | |||
r-devel-linux-x86_64-fedora-gcc | 2.0.4 | 395.68 | OK | |||
r-devel-windows-x86_64 | 2.0.4 | 68.00 | 221.00 | 289.00 | OK | |
r-patched-linux-x86_64 | 2.0.4 | 69.33 | 252.91 | 322.24 | OK | |
r-release-linux-x86_64 | 2.0.4 | 61.15 | 252.31 | 313.46 | OK | |
r-release-macos-arm64 | 2.0.4 | 107.00 | NOTE | |||
r-release-macos-x86_64 | 2.0.4 | 213.00 | NOTE | |||
r-release-windows-x86_64 | 2.0.4 | 63.00 | 233.00 | 296.00 | OK | |
r-oldrel-macos-arm64 | 2.0.4 | 154.00 | NOTE | |||
r-oldrel-macos-x86_64 | 2.0.4 | 211.00 | NOTE | |||
r-oldrel-windows-x86_64 | 2.0.4 | 77.00 | 264.00 | 341.00 | OK |
Version: 2.0.4
Check: installed package size
Result: NOTE
installed size is 5.2Mb
sub-directories of 1Mb or more:
data 1.9Mb
libs 2.0Mb
Flavors: r-release-macos-arm64, r-release-macos-x86_64, r-oldrel-macos-arm64, r-oldrel-macos-x86_64