Last updated on 2024-04-24 20:54:07 CEST.
Flavor | Version | Tinstall | Tcheck | Ttotal | Status | Flags |
---|---|---|---|---|---|---|
r-devel-linux-x86_64-debian-clang | 2.0.0 | 112.08 | 67.22 | 179.30 | OK | |
r-devel-linux-x86_64-debian-gcc | 2.0.0 | 109.62 | 49.00 | 158.62 | OK | |
r-devel-linux-x86_64-fedora-clang | 2.0.0 | 205.80 | OK | |||
r-devel-linux-x86_64-fedora-gcc | 2.0.0 | 271.96 | OK | |||
r-devel-windows-x86_64 | 2.0.0 | 86.00 | 85.00 | 171.00 | NOTE | |
r-patched-linux-x86_64 | 2.0.0 | 89.11 | 66.77 | 155.88 | OK | |
r-release-linux-x86_64 | 2.0.0 | 105.65 | 65.07 | 170.72 | OK | |
r-release-macos-arm64 | 2.0.0 | 59.00 | NOTE | |||
r-release-windows-x86_64 | 2.0.0 | 81.00 | 91.00 | 172.00 | NOTE | |
r-oldrel-macos-arm64 | 2.0.0 | 56.00 | NOTE | |||
r-oldrel-macos-x86_64 | 2.0.0 | 137.00 | NOTE | |||
r-oldrel-windows-x86_64 | 2.0.0 | 104.00 | 113.00 | 217.00 | NOTE |
Version: 2.0.0
Check: installed package size
Result: NOTE
installed size is 13.5Mb
sub-directories of 1Mb or more:
libs 12.8Mb
Flavors: r-devel-windows-x86_64, r-release-macos-arm64, r-release-windows-x86_64, r-oldrel-macos-arm64, r-oldrel-macos-x86_64, r-oldrel-windows-x86_64