CRAN Package Check Results for Package GeneralizedUmatrix

Last updated on 2022-11-28 19:50:27 CET.

Flavor Version Tinstall Tcheck Ttotal Status Flags
r-devel-linux-x86_64-debian-clang 1.2.4 63.00 136.10 199.10 NOTE
r-devel-linux-x86_64-debian-gcc 1.2.4 52.45 96.04 148.49 NOTE
r-devel-linux-x86_64-fedora-clang 1.2.5 296.53 NOTE
r-devel-linux-x86_64-fedora-gcc 1.2.5 267.16 NOTE
r-devel-windows-x86_64 1.2.4 181.00 184.00 365.00 NOTE
r-patched-linux-x86_64 1.2.4 57.51 128.20 185.71 NOTE
r-release-linux-x86_64 1.2.4 53.76 130.20 183.96 NOTE
r-release-macos-arm64 1.2.4 98.00 NOTE
r-release-macos-x86_64 1.2.4 97.00 NOTE
r-release-windows-x86_64 1.2.4 129.00 183.00 312.00 NOTE
r-oldrel-macos-arm64 1.2.4 88.00 NOTE
r-oldrel-macos-x86_64 1.2.4 96.00 NOTE
r-oldrel-windows-ix86+x86_64 1.2.5 165.00 218.00 383.00 NOTE

Check Details

Version: 1.2.4
Check: for GNU extensions in Makefiles
Result: NOTE
    GNU make is a SystemRequirements.
Flavors: r-devel-linux-x86_64-debian-clang, r-devel-linux-x86_64-debian-gcc, r-devel-windows-x86_64, r-patched-linux-x86_64, r-release-linux-x86_64, r-release-macos-arm64, r-release-macos-x86_64, r-release-windows-x86_64, r-oldrel-macos-arm64, r-oldrel-macos-x86_64

Version: 1.2.4
Check: HTML version of manual
Result: NOTE
    Found the following HTML validation problems:
    setdiffMatrix.html:33:62 (setdiffMatrix.Rd:6): Warning: <code> anchor "k]" already defined
Flavors: r-devel-linux-x86_64-debian-clang, r-devel-linux-x86_64-debian-gcc

Version: 1.2.5
Check: for GNU extensions in Makefiles
Result: NOTE
    GNU make is a SystemRequirements.
Flavors: r-devel-linux-x86_64-fedora-clang, r-devel-linux-x86_64-fedora-gcc, r-oldrel-windows-ix86+x86_64