CRAN Package Check Results for Package GenEst

Last updated on 2022-09-24 21:51:03 CEST.

Flavor Version Tinstall Tcheck Ttotal Status Flags
r-devel-linux-x86_64-debian-clang 1.4.6 40.48 266.90 307.38 OK
r-devel-linux-x86_64-debian-gcc 1.4.6 30.73 194.51 225.24 OK
r-devel-linux-x86_64-fedora-clang 1.4.6 399.78 NOTE
r-devel-linux-x86_64-fedora-gcc 1.4.6 376.18 NOTE
r-devel-windows-x86_64 1.4.6 86.00 337.00 423.00 OK
r-patched-linux-x86_64 1.4.6 36.82 251.42 288.24 OK
r-release-linux-x86_64 1.4.6 34.72 250.50 285.22 OK
r-release-macos-arm64 1.4.6 98.00 NOTE
r-release-macos-x86_64 1.4.6 200.00 NOTE
r-release-windows-x86_64 1.4.6 81.00 307.00 388.00 OK
r-oldrel-macos-arm64 1.4.6 98.00 NOTE
r-oldrel-macos-x86_64 1.4.6 130.00 NOTE
r-oldrel-windows-ix86+x86_64 1.4.6 88.00 363.00 451.00 OK

Check Details

Version: 1.4.6
Check: dependencies in R code
Result: NOTE
    Namespace in Imports field not imported from: ‘htmlwidgets’
     All declared Imports should be used.
Flavors: r-devel-linux-x86_64-fedora-clang, r-devel-linux-x86_64-fedora-gcc, r-release-macos-arm64, r-release-macos-x86_64, r-oldrel-macos-arm64, r-oldrel-macos-x86_64