Last updated on 2024-04-18 21:56:51 CEST.
Flavor | Version | Tinstall | Tcheck | Ttotal | Status | Flags |
---|---|---|---|---|---|---|
r-devel-linux-x86_64-debian-clang | 1.1.1 | 3.79 | 25.49 | 29.28 | NOTE | |
r-devel-linux-x86_64-debian-gcc | 1.1.1 | 2.74 | 18.94 | 21.68 | NOTE | |
r-devel-linux-x86_64-fedora-clang | 1.1.1 | 36.10 | NOTE | |||
r-devel-linux-x86_64-fedora-gcc | 1.1.1 | 35.02 | NOTE | |||
r-prerel-macos-arm64 | 1.1.1 | 17.00 | NOTE | |||
r-prerel-windows-x86_64 | 1.1.1 | 7.00 | 44.00 | 51.00 | NOTE | |
r-patched-linux-x86_64 | 1.1.1 | 3.59 | 24.48 | 28.07 | NOTE | |
r-release-linux-x86_64 | 1.1.1 | 2.82 | 23.89 | 26.71 | OK | |
r-release-macos-arm64 | 1.1.1 | 18.00 | OK | |||
r-release-macos-x86_64 | 1.1.1 | 34.00 | OK | |||
r-release-windows-x86_64 | 1.1.1 | 7.00 | 44.00 | 51.00 | OK | |
r-oldrel-macos-arm64 | 1.1.1 | 18.00 | OK | |||
r-oldrel-windows-x86_64 | 1.1.1 | 7.00 | 46.00 | 53.00 | OK |
Version: 1.1.1
Check: Rd files
Result: NOTE
checkRd: (-1) Sim.Markov.Chain.Rd:14: Lost braces; missing escapes or markup?
14 | \item{eta0}{inital value in {1,...,r}.}
| ^
Flavors: r-devel-linux-x86_64-debian-clang, r-devel-linux-x86_64-debian-gcc, r-devel-linux-x86_64-fedora-clang, r-devel-linux-x86_64-fedora-gcc, r-prerel-macos-arm64, r-prerel-windows-x86_64, r-patched-linux-x86_64