CRAN Package Check Results for Package GaussianHMM1d

Last updated on 2022-09-28 21:51:37 CEST.

Flavor Version Tinstall Tcheck Ttotal Status Flags
r-devel-linux-x86_64-debian-clang 1.0.1 2.81 29.48 32.29 NOTE
r-devel-linux-x86_64-debian-gcc 1.0.1 1.54 22.99 24.53 NOTE
r-devel-linux-x86_64-fedora-clang 1.0.1 52.85 NOTE
r-devel-linux-x86_64-fedora-gcc 1.0.1 51.06 NOTE
r-devel-windows-x86_64 1.0.1 22.00 58.00 80.00 NOTE
r-patched-linux-x86_64 1.0.1 3.14 28.69 31.83 NOTE
r-release-linux-x86_64 1.0.1 2.13 27.95 30.08 NOTE
r-release-macos-arm64 1.0.1 18.00 NOTE
r-release-macos-x86_64 1.0.1 22.00 NOTE
r-release-windows-x86_64 1.0.1 21.00 55.00 76.00 NOTE
r-oldrel-macos-arm64 1.0.1 25.00 NOTE
r-oldrel-macos-x86_64 1.0.1 30.00 NOTE
r-oldrel-windows-ix86+x86_64 1.0.1 6.00 53.00 59.00 NOTE

Check Details

Version: 1.0.1
Check: LazyData
Result: NOTE
     'LazyData' is specified without a 'data' directory
Flavors: r-devel-linux-x86_64-debian-clang, r-devel-linux-x86_64-debian-gcc, r-devel-linux-x86_64-fedora-clang, r-devel-linux-x86_64-fedora-gcc, r-devel-windows-x86_64, r-patched-linux-x86_64, r-release-linux-x86_64, r-release-macos-arm64, r-release-macos-x86_64, r-release-windows-x86_64, r-oldrel-macos-arm64, r-oldrel-macos-x86_64, r-oldrel-windows-ix86+x86_64