Last updated on 2024-03-28 19:48:33 CET.
Flavor | Version | Tinstall | Tcheck | Ttotal | Status | Flags |
---|---|---|---|---|---|---|
r-devel-linux-x86_64-debian-clang | 3.2.1 | 48.21 | 403.04 | 451.25 | OK | |
r-devel-linux-x86_64-debian-gcc | 3.2.1 | 42.90 | 283.43 | 326.33 | OK | |
r-devel-linux-x86_64-fedora-clang | 3.2.1 | 544.24 | NOTE | |||
r-devel-linux-x86_64-fedora-gcc | 3.2.1 | 528.09 | OK | |||
r-devel-windows-x86_64 | 3.2.1 | 37.00 | 218.00 | 255.00 | OK | |
r-patched-linux-x86_64 | 3.2.1 | 48.41 | 383.30 | 431.71 | OK | |
r-release-linux-x86_64 | 3.2.1 | 34.79 | 390.87 | 425.66 | OK | |
r-release-macos-arm64 | 3.2.1 | 119.00 | OK | |||
r-release-macos-x86_64 | 3.2.1 | 284.00 | OK | |||
r-release-windows-x86_64 | 3.2.1 | 57.00 | 315.00 | 372.00 | OK | |
r-oldrel-macos-arm64 | 3.2.1 | 126.00 | OK | |||
r-oldrel-windows-x86_64 | 3.2.1 | 56.00 | 318.00 | 374.00 | OK |
Version: 3.2.1
Check: package dependencies
Result: NOTE
Imports includes 21 non-default packages.
Importing from so many packages makes the package vulnerable to any of
them becoming unavailable. Move as many as possible to Suggests and
use conditionally.
Flavor: r-devel-linux-x86_64-fedora-clang