CRAN Package Check Results for Package GWSDAT

Last updated on 2022-09-24 21:51:04 CEST.

Flavor Version Tinstall Tcheck Ttotal Status Flags
r-devel-linux-x86_64-debian-clang 3.1.1 44.50 387.44 431.94 NOTE
r-devel-linux-x86_64-debian-gcc 3.1.1 41.18 280.21 321.39 NOTE
r-devel-linux-x86_64-fedora-clang 3.1.1 536.19 NOTE
r-devel-linux-x86_64-fedora-gcc 3.1.1 514.26 NOTE
r-devel-windows-x86_64 3.1.1 52.00 348.00 400.00 NOTE
r-patched-linux-x86_64 3.1.1 41.81 362.90 404.71 OK
r-release-linux-x86_64 3.1.1 45.52 366.28 411.80 OK
r-release-macos-arm64 3.1.1 93.00 OK
r-release-macos-x86_64 3.1.1 216.00 OK
r-release-windows-x86_64 3.1.1 49.00 339.00 388.00 OK
r-oldrel-macos-arm64 3.1.1 91.00 OK
r-oldrel-macos-x86_64 3.1.1 140.00 OK
r-oldrel-windows-ix86+x86_64 3.1.1 94.00 355.00 449.00 OK

Check Details

Version: 3.1.1
Check: package subdirectories
Result: NOTE
    Problems with news in 'NEWS.md':
    No news entries found.
Flavors: r-devel-linux-x86_64-debian-clang, r-devel-linux-x86_64-debian-gcc, r-devel-linux-x86_64-fedora-clang, r-devel-linux-x86_64-fedora-gcc, r-devel-windows-x86_64

Version: 3.1.1
Check: package dependencies
Result: NOTE
    Imports includes 21 non-default packages.
    Importing from so many packages makes the package vulnerable to any of
    them becoming unavailable. Move as many as possible to Suggests and
    use conditionally.
Flavor: r-devel-linux-x86_64-fedora-clang