Last updated on 2025-05-03 21:51:20 CEST.
Flavor | Version | Tinstall | Tcheck | Ttotal | Status | Flags |
---|---|---|---|---|---|---|
r-devel-linux-x86_64-debian-clang | 2.0.1 | 3.91 | 42.86 | 46.77 | NOTE | |
r-devel-linux-x86_64-debian-gcc | 2.0.1 | 3.13 | 34.88 | 38.01 | NOTE | |
r-devel-linux-x86_64-fedora-clang | 2.0.1 | 79.28 | NOTE | |||
r-devel-linux-x86_64-fedora-gcc | 2.0.1 | 72.94 | NOTE | |||
r-devel-windows-x86_64 | 2.0.1 | 5.00 | 63.00 | 68.00 | OK | |
r-patched-linux-x86_64 | 2.0.1 | 4.23 | 44.54 | 48.77 | NOTE | |
r-release-linux-x86_64 | NOTE | |||||
r-release-macos-arm64 | 2.0.1 | 38.00 | OK | |||
r-release-macos-x86_64 | 2.0.1 | 53.00 | OK | |||
r-release-windows-x86_64 | 2.0.1 | 7.00 | 62.00 | 69.00 | OK | |
r-oldrel-macos-arm64 | 2.0.1 | 30.00 | OK | |||
r-oldrel-macos-x86_64 | 2.0.1 | 41.00 | OK | |||
r-oldrel-windows-x86_64 | 2.0.1 | 6.00 | 72.00 | 78.00 | OK |
Version: 2.0.1
Check: CRAN incoming feasibility
Result: NOTE
Maintainer: ‘Fernando de Villar<fdevillar@gmail.com>’
No Authors@R field in DESCRIPTION.
Please add one, modifying
Authors@R: c(person(given = "Fernando",
family = "de Villar",
role = c("aut", "cre"),
email = "fdevillar@gmail.com"),
person(given = "Angel",
family = "Rubio",
role = "aut",
email = "arubio@ceit.es"))
as necessary.
Flavors: r-devel-linux-x86_64-debian-clang, r-devel-linux-x86_64-debian-gcc
Version: 2.0.1
Check: for non-standard things in the check directory
Result: NOTE
Found the following files/directories:
‘RRprof.out’
Flavors: r-devel-linux-x86_64-debian-clang, r-devel-linux-x86_64-debian-gcc, r-devel-linux-x86_64-fedora-clang, r-devel-linux-x86_64-fedora-gcc, r-patched-linux-x86_64, r-release-linux-x86_64