CRAN Package Check Results for Package GUIProfiler

Last updated on 2022-11-27 19:51:32 CET.

Flavor Version Tinstall Tcheck Ttotal Status Flags
r-devel-linux-x86_64-debian-clang 2.0.1 5.43 57.61 63.04 NOTE
r-devel-linux-x86_64-debian-gcc 2.0.1 3.86 45.38 49.24 NOTE
r-devel-linux-x86_64-fedora-clang 2.0.1 87.84 NOTE
r-devel-linux-x86_64-fedora-gcc 2.0.1 86.47 NOTE
r-devel-windows-x86_64 2.0.1 13.00 91.00 104.00 OK
r-patched-linux-x86_64 2.0.1 4.19 57.14 61.33 NOTE
r-release-linux-x86_64 2.0.1 5.69 56.30 61.99 NOTE
r-release-macos-arm64 2.0.1 33.00 OK
r-release-macos-x86_64 2.0.1 51.00 OK
r-release-windows-x86_64 2.0.1 11.00 86.00 97.00 OK
r-oldrel-macos-arm64 2.0.1 41.00 OK
r-oldrel-macos-x86_64 2.0.1 74.00 OK
r-oldrel-windows-ix86+x86_64 2.0.1 12.00 86.00 98.00 OK

Check Details

Version: 2.0.1
Check: for non-standard things in the check directory
Result: NOTE
    Found the following files/directories:
     'RRprof.out'
Flavors: r-devel-linux-x86_64-debian-clang, r-devel-linux-x86_64-debian-gcc, r-devel-linux-x86_64-fedora-clang, r-devel-linux-x86_64-fedora-gcc, r-patched-linux-x86_64, r-release-linux-x86_64