Last updated on 2025-11-23 20:48:49 CET.
| Flavor | Version | Tinstall | Tcheck | Ttotal | Status | Flags |
|---|---|---|---|---|---|---|
| r-devel-linux-x86_64-debian-clang | 1.0.0 | 5.95 | 67.59 | 73.54 | NOTE | |
| r-devel-linux-x86_64-debian-gcc | 1.0.0 | 5.05 | 48.52 | 53.57 | NOTE | |
| r-devel-linux-x86_64-fedora-clang | 1.0.0 | 14.00 | 106.12 | 120.12 | NOTE | |
| r-devel-windows-x86_64 | 1.0.0 | 8.00 | 72.00 | 80.00 | NOTE | |
| r-patched-linux-x86_64 | 1.0.0 | 6.39 | 65.23 | 71.62 | NOTE | |
| r-release-linux-x86_64 | 1.0.0 | 5.65 | 64.38 | 70.03 | NOTE | |
| r-release-macos-arm64 | 1.0.0 | NOTE | ||||
| r-release-macos-x86_64 | 1.0.0 | 5.00 | 56.00 | 61.00 | NOTE | |
| r-release-windows-x86_64 | 1.0.0 | 8.00 | 89.00 | 97.00 | NOTE | |
| r-oldrel-macos-arm64 | 1.0.0 | NOTE | ||||
| r-oldrel-macos-x86_64 | 1.0.0 | 4.00 | 44.00 | 48.00 | NOTE | |
| r-oldrel-windows-x86_64 | 1.0.0 | 9.00 | 89.00 | 98.00 | NOTE |
Version: 1.0.0
Check: Rd files
Result: NOTE
checkRd: (-1) artset1987.Rd:10: Lost braces in \itemize; meant \describe ?
checkRd: (-1) tumor.Rd:10: Lost braces in \itemize; meant \describe ?
checkRd: (-1) tumor.Rd:11: Lost braces in \itemize; meant \describe ?
checkRd: (-1) tumor.Rd:12: Lost braces in \itemize; meant \describe ?
Flavors: r-devel-linux-x86_64-debian-clang, r-devel-linux-x86_64-debian-gcc, r-devel-linux-x86_64-fedora-clang, r-devel-windows-x86_64, r-patched-linux-x86_64, r-release-linux-x86_64, r-release-macos-arm64, r-release-macos-x86_64, r-release-windows-x86_64, r-oldrel-macos-arm64, r-oldrel-macos-x86_64, r-oldrel-windows-x86_64