Last updated on 2025-05-09 20:49:52 CEST.
Flavor | Version | Tinstall | Tcheck | Ttotal | Status | Flags |
---|---|---|---|---|---|---|
r-devel-linux-x86_64-debian-clang | 0.1 | 2.60 | 38.34 | 40.94 | NOTE | |
r-devel-linux-x86_64-debian-gcc | 0.1 | 1.81 | 27.15 | 28.96 | NOTE | |
r-devel-linux-x86_64-fedora-clang | 0.1 | 65.05 | OK | |||
r-devel-linux-x86_64-fedora-gcc | 0.1 | 61.36 | OK | |||
r-devel-windows-x86_64 | 0.1 | 4.00 | 60.00 | 64.00 | OK | |
r-patched-linux-x86_64 | 0.1 | 2.87 | 36.04 | 38.91 | OK | |
r-release-linux-x86_64 | 0.1 | 2.58 | 36.03 | 38.61 | OK | |
r-release-macos-arm64 | 0.1 | 23.00 | OK | |||
r-release-macos-x86_64 | 0.1 | 38.00 | OK | |||
r-release-windows-x86_64 | 0.1 | 3.00 | 59.00 | 62.00 | OK | |
r-oldrel-macos-arm64 | 0.1 | 22.00 | OK | |||
r-oldrel-macos-x86_64 | 0.1 | 32.00 | OK | |||
r-oldrel-windows-x86_64 | 0.1 | 5.00 | 71.00 | 76.00 | OK |
Version: 0.1
Check: CRAN incoming feasibility
Result: NOTE
Maintainer: ‘Baosheng Liang <liangbsunc@gmail.com>’
No Authors@R field in DESCRIPTION.
Please add one, modifying
Authors@R: c(person(given = "Baosheng",
family = "Liang",
role = c("aut", "cre"),
email = "liangbsunc@gmail.com"),
person(given = "Yuanjia",
family = "Wang",
role = "aut"),
person(given = "Donglin",
family = "Zeng",
role = "aut"))
as necessary.
Flavors: r-devel-linux-x86_64-debian-clang, r-devel-linux-x86_64-debian-gcc