Last updated on 2024-03-27 19:56:53 CET.
Flavor | Version | Tinstall | Tcheck | Ttotal | Status | Flags |
---|---|---|---|---|---|---|
r-devel-linux-x86_64-debian-clang | 4.2-1 | 100.10 | 83.90 | 184.00 | OK | |
r-devel-linux-x86_64-debian-gcc | 4.2-1 | 76.96 | 62.44 | 139.40 | OK | |
r-devel-linux-x86_64-fedora-clang | 4.2-1 | 251.83 | OK | |||
r-devel-linux-x86_64-fedora-gcc | 4.2-1 | 251.81 | OK | |||
r-devel-windows-x86_64 | 4.2-1 | 78.00 | 102.00 | 180.00 | OK | |
r-patched-linux-x86_64 | 4.2-1 | 92.69 | 79.49 | 172.18 | OK | |
r-release-linux-x86_64 | 4.2-1 | 96.48 | 81.97 | 178.45 | OK | |
r-release-macos-arm64 | 4.2-1 | 68.00 | NOTE | |||
r-release-macos-x86_64 | 4.2-1 | 112.00 | NOTE | |||
r-release-windows-x86_64 | 4.2-1 | 98.00 | 122.00 | 220.00 | OK | |
r-oldrel-macos-arm64 | 4.2-1 | 61.00 | NOTE | |||
r-oldrel-windows-x86_64 | 4.2-1 | 96.00 | 127.00 | 223.00 | OK |
Version: 4.2-1
Check: installed package size
Result: NOTE
installed size is 5.2Mb
sub-directories of 1Mb or more:
libs 4.6Mb
Flavors: r-release-macos-arm64, r-release-macos-x86_64, r-oldrel-macos-arm64