Last updated on 2024-04-23 20:52:05 CEST.
Flavor | Version | Tinstall | Tcheck | Ttotal | Status | Flags |
---|---|---|---|---|---|---|
r-devel-linux-x86_64-debian-clang | 1.03.3 | 3.11 | 33.01 | 36.12 | OK | |
r-devel-linux-x86_64-debian-gcc | 1.03.3 | 2.89 | 24.36 | 27.25 | OK | |
r-devel-linux-x86_64-fedora-clang | 1.03.3 | 45.12 | OK | |||
r-devel-linux-x86_64-fedora-gcc | 1.03.3 | 41.24 | OK | |||
r-prerel-macos-arm64 | 1.03.3 | 18.00 | OK | |||
r-prerel-macos-x86_64 | 1.03.3 | 44.00 | OK | |||
r-prerel-windows-x86_64 | 1.03.3 | 6.00 | 61.00 | 67.00 | OK | |
r-patched-linux-x86_64 | 1.03.2 | 3.13 | 31.57 | 34.70 | NOTE | |
r-release-linux-x86_64 | 1.03.3 | 3.96 | 30.89 | 34.85 | OK | |
r-release-macos-arm64 | 1.03.3 | 25.00 | OK | |||
r-release-macos-x86_64 | 1.03.3 | 42.00 | OK | |||
r-release-windows-x86_64 | 1.03.3 | 5.00 | 50.00 | 55.00 | OK | |
r-oldrel-macos-arm64 | 1.03.3 | 24.00 | OK | |||
r-oldrel-windows-x86_64 | 1.03.2 | 7.00 | 54.00 | 61.00 | OK |
Version: 1.03.2
Check: Rd \usage sections
Result: NOTE
Objects in \usage without \alias in Rd file 'GSA.internal.Rd':
‘est.s0’
Functions with \usage entries need to have the appropriate \alias
entries, and all their arguments documented.
The \usage entries must correspond to syntactically valid R code.
See chapter ‘Writing R documentation files’ in the ‘Writing R
Extensions’ manual.
Flavor: r-patched-linux-x86_64