Last updated on 2024-03-27 19:56:53 CET.
Flavor | Version | Tinstall | Tcheck | Ttotal | Status | Flags |
---|---|---|---|---|---|---|
r-devel-linux-x86_64-debian-clang | 1.2 | 2.93 | 48.62 | 51.55 | NOTE | |
r-devel-linux-x86_64-debian-gcc | 1.2 | 2.30 | 34.31 | 36.61 | NOTE | |
r-devel-linux-x86_64-fedora-clang | 1.2 | 62.65 | NOTE | |||
r-devel-linux-x86_64-fedora-gcc | 1.2 | 60.34 | NOTE | |||
r-devel-windows-x86_64 | 1.2 | 4.00 | 54.00 | 58.00 | NOTE | |
r-patched-linux-x86_64 | 1.2 | 2.62 | 45.69 | 48.31 | OK | |
r-release-linux-x86_64 | 1.2 | 2.64 | 47.54 | 50.18 | OK | |
r-release-macos-arm64 | 1.2 | 24.00 | OK | |||
r-release-macos-x86_64 | 1.2 | 32.00 | OK | |||
r-release-windows-x86_64 | 1.2 | 5.00 | 59.00 | 64.00 | OK | |
r-oldrel-macos-arm64 | 1.2 | 22.00 | OK | |||
r-oldrel-windows-x86_64 | 1.2 | 25.00 | 66.00 | 91.00 | OK |
Version: 1.2
Check: Rd files
Result: NOTE
checkRd: (-1) GRS.Powerfunc.Rd:22: Lost braces
22 | {Power: }{Matrix of power values plotted}
| ^
Flavors: r-devel-linux-x86_64-debian-clang, r-devel-linux-x86_64-debian-gcc, r-devel-linux-x86_64-fedora-clang, r-devel-linux-x86_64-fedora-gcc, r-devel-windows-x86_64