Last updated on 2024-04-22 20:53:38 CEST.
Flavor | Version | Tinstall | Tcheck | Ttotal | Status | Flags |
---|---|---|---|---|---|---|
r-devel-linux-x86_64-debian-clang | 0.1.1 | 2.19 | 22.00 | 24.19 | NOTE | |
r-devel-linux-x86_64-debian-gcc | 0.1.1 | 1.66 | 17.22 | 18.88 | NOTE | |
r-devel-linux-x86_64-fedora-clang | 0.1.1 | 31.59 | NOTE | |||
r-devel-linux-x86_64-fedora-gcc | 0.1.1 | 29.76 | NOTE | |||
r-prerel-macos-arm64 | 0.1.1 | 14.00 | NOTE | |||
r-prerel-windows-x86_64 | 0.1.1 | 4.00 | 39.00 | 43.00 | NOTE | |
r-patched-linux-x86_64 | 0.1.1 | 2.21 | 21.68 | 23.89 | NOTE | |
r-release-linux-x86_64 | 0.1.1 | 2.03 | 21.96 | 23.99 | NOTE | |
r-release-macos-arm64 | 0.1.1 | 15.00 | NOTE | |||
r-release-macos-x86_64 | 0.1.1 | 20.00 | NOTE | |||
r-release-windows-x86_64 | 0.1.1 | 4.00 | 39.00 | 43.00 | NOTE | |
r-oldrel-macos-arm64 | 0.1.1 | 15.00 | NOTE | |||
r-oldrel-windows-x86_64 | 0.1.1 | 6.00 | 45.00 | 51.00 | NOTE |
Version: 0.1.1
Check: LazyData
Result: NOTE
'LazyData' is specified without a 'data' directory
Flavors: r-devel-linux-x86_64-debian-clang, r-devel-linux-x86_64-debian-gcc, r-devel-linux-x86_64-fedora-clang, r-devel-linux-x86_64-fedora-gcc, r-prerel-macos-arm64, r-prerel-windows-x86_64, r-patched-linux-x86_64, r-release-linux-x86_64, r-release-macos-arm64, r-release-macos-x86_64, r-release-windows-x86_64, r-oldrel-macos-arm64, r-oldrel-windows-x86_64