CRAN Package Check Results for Package GRAPE

Last updated on 2025-05-09 20:49:51 CEST.

Flavor Version Tinstall Tcheck Ttotal Status Flags
r-devel-linux-x86_64-debian-clang 0.1.1 1.57 18.02 19.59 NOTE
r-devel-linux-x86_64-debian-gcc 0.1.1 1.51 14.80 16.31 NOTE
r-devel-linux-x86_64-fedora-clang 0.1.1 32.14 OK
r-devel-linux-x86_64-fedora-gcc 0.1.1 29.12 OK
r-devel-windows-x86_64 0.1.1 3.00 39.00 42.00 OK
r-patched-linux-x86_64 0.1.1 1.76 17.38 19.14 OK
r-release-linux-x86_64 0.1.1 1.62 17.29 18.91 OK
r-release-macos-arm64 0.1.1 16.00 OK
r-release-macos-x86_64 0.1.1 23.00 OK
r-release-windows-x86_64 0.1.1 4.00 40.00 44.00 OK
r-oldrel-macos-arm64 0.1.1 14.00 NOTE
r-oldrel-macos-x86_64 0.1.1 20.00 NOTE
r-oldrel-windows-x86_64 0.1.1 2.00 38.00 40.00 NOTE

Check Details

Version: 0.1.1
Check: CRAN incoming feasibility
Result: NOTE Maintainer: ‘Michael Klein <michael.klein@yale.edu>’ No Authors@R field in DESCRIPTION. Please add one, modifying Authors@R: person(given = "Michael", family = "Klein", role = c("aut", "cre"), email = "michael.klein@yale.edu") as necessary. Flavors: r-devel-linux-x86_64-debian-clang, r-devel-linux-x86_64-debian-gcc

Version: 0.1.1
Check: LazyData
Result: NOTE 'LazyData' is specified without a 'data' directory Flavors: r-oldrel-macos-arm64, r-oldrel-macos-x86_64, r-oldrel-windows-x86_64