CRAN Package Check Results for Package GPoM

Last updated on 2022-10-03 21:53:38 CEST.

Flavor Version Tinstall Tcheck Ttotal Status Flags
r-devel-linux-x86_64-debian-clang 1.3 10.73 758.00 768.73 OK
r-devel-linux-x86_64-debian-gcc 1.3 8.50 507.22 515.72 OK
r-devel-linux-x86_64-fedora-clang 1.3 887.10 NOTE
r-devel-linux-x86_64-fedora-gcc 1.3 887.02 OK
r-devel-windows-x86_64 1.3 37.00 181.00 218.00 NOTE --no-vignettes
r-patched-linux-x86_64 1.3 11.70 733.67 745.37 OK
r-release-linux-x86_64 1.3 10.16 709.79 719.95 OK
r-release-macos-arm64 1.3 213.00 NOTE
r-release-macos-x86_64 1.3 239.00 NOTE
r-release-windows-x86_64 1.3 35.00 177.00 212.00 NOTE --no-vignettes
r-oldrel-macos-arm64 1.3 186.00 NOTE
r-oldrel-macos-x86_64 1.3 295.00 NOTE
r-oldrel-windows-ix86+x86_64 1.3 21.00 170.00 191.00 NOTE --no-vignettes

Check Details

Version: 1.3
Check: installed package size
Result: NOTE
     installed size is 5.5Mb
     sub-directories of 1Mb or more:
     data 1.6Mb
     doc 3.5Mb
Flavors: r-devel-linux-x86_64-fedora-clang, r-release-macos-arm64, r-release-macos-x86_64, r-oldrel-macos-arm64, r-oldrel-macos-x86_64

Version: 1.3
Flags: --no-vignettes
Check: installed package size
Result: NOTE
     installed size is 5.5Mb
     sub-directories of 1Mb or more:
     data 1.6Mb
     doc 3.5Mb
Flavors: r-devel-windows-x86_64, r-release-windows-x86_64, r-oldrel-windows-ix86+x86_64