Last updated on 2024-04-17 20:57:36 CEST.
Flavor | Version | Tinstall | Tcheck | Ttotal | Status | Flags |
---|---|---|---|---|---|---|
r-devel-linux-x86_64-debian-clang | 0.1.0-5.1 | 227.43 | 48.21 | 275.64 | OK | |
r-devel-linux-x86_64-debian-gcc | 0.1.0-5.1 | 192.21 | 44.33 | 236.54 | OK | |
r-devel-linux-x86_64-fedora-clang | 0.1.0-5.1 | 331.43 | OK | |||
r-devel-linux-x86_64-fedora-gcc | 0.1.0-5.1 | 435.80 | OK | |||
r-prerel-macos-arm64 | 0.1.0-5.1 | 81.00 | NOTE | |||
r-prerel-windows-x86_64 | 0.1.0-5.1 | 142.00 | 92.00 | 234.00 | OK | |
r-patched-linux-x86_64 | 0.1.0-5.1 | 232.81 | 56.89 | 289.70 | OK | |
r-release-linux-x86_64 | 0.1.0-5.1 | 241.16 | 55.83 | 296.99 | OK | |
r-release-macos-arm64 | 0.1.0-5.1 | 90.00 | NOTE | |||
r-release-macos-x86_64 | 0.1.0-5.1 | 152.00 | NOTE | |||
r-release-windows-x86_64 | 0.1.0-5.1 | 184.00 | 104.00 | 288.00 | OK | |
r-oldrel-macos-arm64 | 0.1.0-5.1 | 95.00 | NOTE | |||
r-oldrel-windows-x86_64 | 0.1.0-5.1 | 171.00 | 90.00 | 261.00 | OK |
Version: 0.1.0-5.1
Check: installed package size
Result: NOTE
installed size is 35.4Mb
sub-directories of 1Mb or more:
libs 35.1Mb
Flavors: r-prerel-macos-arm64, r-release-macos-arm64, r-release-macos-x86_64, r-oldrel-macos-arm64