Last updated on 2025-07-26 21:49:53 CEST.
Flavor | Version | Tinstall | Tcheck | Ttotal | Status | Flags |
---|---|---|---|---|---|---|
r-devel-linux-x86_64-debian-clang | 1.0.2.2 | 15.14 | 102.13 | 117.27 | OK | |
r-devel-linux-x86_64-debian-gcc | 1.0.2.2 | 10.85 | 69.35 | 80.20 | OK | |
r-devel-linux-x86_64-fedora-clang | 1.0.2.2 | 173.60 | NOTE | |||
r-devel-linux-x86_64-fedora-gcc | 1.0.2.2 | 166.17 | NOTE | |||
r-devel-windows-x86_64 | 1.0.2.2 | 15.00 | 117.00 | 132.00 | OK | |
r-patched-linux-x86_64 | 1.0.2.2 | 12.67 | 94.83 | 107.50 | OK | |
r-release-linux-x86_64 | 1.0.2.2 | 14.13 | 95.00 | 109.13 | OK | |
r-release-macos-arm64 | 1.0.2.2 | 54.00 | OK | |||
r-release-macos-x86_64 | 1.0.2.2 | 136.00 | OK | |||
r-release-windows-x86_64 | 1.0.2.2 | 16.00 | 117.00 | 133.00 | OK | |
r-oldrel-macos-arm64 | 1.0.2.2 | 61.00 | OK | |||
r-oldrel-macos-x86_64 | 1.0.2.2 | 132.00 | OK | |||
r-oldrel-windows-x86_64 | 1.0.2.2 | 21.00 | 153.00 | 174.00 | OK |
Version: 1.0.2.2
Check: dependencies in R code
Result: NOTE
Namespaces in Imports field not imported from:
‘base’ ‘methods’
All declared Imports should be used.
Flavors: r-devel-linux-x86_64-fedora-clang, r-devel-linux-x86_64-fedora-gcc