Last updated on 2024-07-17 20:57:01 CEST.
Flavor | Version | Tinstall | Tcheck | Ttotal | Status | Flags |
---|---|---|---|---|---|---|
r-devel-linux-x86_64-debian-clang | 1.0.2.1 | 18.71 | 121.70 | 140.41 | OK | |
r-devel-linux-x86_64-debian-gcc | 1.0.2.1 | 14.55 | 89.28 | 103.83 | OK | |
r-devel-linux-x86_64-fedora-clang | 1.0.2.1 | 170.13 | NOTE | |||
r-devel-linux-x86_64-fedora-gcc | 1.0.2.1 | 162.14 | NOTE | |||
r-devel-windows-x86_64 | 1.0.2.1 | 16.00 | 112.00 | 128.00 | OK | |
r-patched-linux-x86_64 | 1.0.2.1 | 15.42 | 112.10 | 127.52 | OK | |
r-release-linux-x86_64 | 1.0.2.1 | 10.60 | 114.56 | 125.16 | OK | |
r-release-macos-arm64 | 1.0.2.1 | 54.00 | OK | |||
r-release-macos-x86_64 | 1.0.2.1 | 83.00 | OK | |||
r-release-windows-x86_64 | 1.0.2.1 | 14.00 | 114.00 | 128.00 | OK | |
r-oldrel-macos-arm64 | 1.0.2.1 | 60.00 | OK | |||
r-oldrel-macos-x86_64 | 1.0.2.1 | 98.00 | OK | |||
r-oldrel-windows-x86_64 | 1.0.2.1 | 19.00 | 138.00 | 157.00 | OK |
Version: 1.0.2.1
Check: dependencies in R code
Result: NOTE
Namespaces in Imports field not imported from:
‘base’ ‘methods’
All declared Imports should be used.
Flavors: r-devel-linux-x86_64-fedora-clang, r-devel-linux-x86_64-fedora-gcc