Last updated on 2024-04-24 20:54:08 CEST.
Flavor | Version | Tinstall | Tcheck | Ttotal | Status | Flags |
---|---|---|---|---|---|---|
r-devel-linux-x86_64-debian-clang | 0.3.4 | 6.61 | 55.49 | 62.10 | OK | |
r-devel-linux-x86_64-debian-gcc | 0.3.4 | 4.61 | 42.69 | 47.30 | OK | |
r-devel-linux-x86_64-fedora-clang | 0.3.4 | 73.82 | NOTE | |||
r-devel-linux-x86_64-fedora-gcc | 0.3.4 | 82.81 | NOTE | |||
r-devel-windows-x86_64 | 0.3.4 | 4.00 | 79.00 | 83.00 | OK | |
r-patched-linux-x86_64 | 0.3.4 | 6.73 | 54.24 | 60.97 | OK | |
r-release-linux-x86_64 | 0.3.4 | 4.70 | 52.65 | 57.35 | OK | |
r-release-macos-arm64 | 0.3.4 | 62.00 | OK | |||
r-release-windows-x86_64 | 0.3.4 | 4.00 | 77.00 | 81.00 | OK | |
r-oldrel-macos-arm64 | 0.3.4 | 59.00 | NOTE | |||
r-oldrel-macos-x86_64 | 0.3.4 | 73.00 | OK | |||
r-oldrel-windows-x86_64 | 0.3.4 | 5.00 | 82.00 | 87.00 | OK |
Version: 0.3.4
Check: data for non-ASCII characters
Result: NOTE
Note: found 3 marked UTF-8 strings
Flavors: r-devel-linux-x86_64-fedora-clang, r-devel-linux-x86_64-fedora-gcc, r-oldrel-macos-arm64