Last updated on 2024-04-22 20:53:37 CEST.
Flavor | Version | Tinstall | Tcheck | Ttotal | Status | Flags |
---|---|---|---|---|---|---|
r-devel-linux-x86_64-debian-clang | 1.1.3 | 12.17 | 90.06 | 102.23 | OK | |
r-devel-linux-x86_64-debian-gcc | 1.1.3 | 7.86 | 66.21 | 74.07 | OK | |
r-devel-linux-x86_64-fedora-clang | 1.1.3 | 128.71 | OK | |||
r-devel-linux-x86_64-fedora-gcc | 1.1.3 | 121.23 | OK | |||
r-prerel-macos-arm64 | 1.1.3 | 37.00 | OK | |||
r-prerel-windows-x86_64 | 1.1.3 | 13.00 | 94.00 | 107.00 | OK | |
r-patched-linux-x86_64 | 1.1.3 | 8.98 | 86.39 | 95.37 | OK | |
r-release-linux-x86_64 | 1.1.3 | 12.02 | 85.93 | 97.95 | OK | |
r-release-macos-arm64 | 1.1.3 | 46.00 | OK | |||
r-release-macos-x86_64 | 1.1.3 | 84.00 | OK | |||
r-release-windows-x86_64 | 1.1.3 | 13.00 | 112.00 | 125.00 | OK | |
r-oldrel-macos-arm64 | 1.1.3 | 47.00 | OK | |||
r-oldrel-windows-x86_64 | 1.1.3 | 15.00 | 118.00 | 133.00 | NOTE |
Version: 1.1.3
Check: HTML version of manual
Result: NOTE
Found the following problems:
get_k_stages_adjacency_tensor.Rd:58:38: Warning: nested emphasis <code>
Flavor: r-oldrel-windows-x86_64