Last updated on 2024-03-27 19:56:53 CET.
Flavor | Version | Tinstall | Tcheck | Ttotal | Status | Flags |
---|---|---|---|---|---|---|
r-devel-linux-x86_64-debian-clang | 0.2.6 | 187.86 | 131.07 | 318.93 | OK | |
r-devel-linux-x86_64-debian-gcc | 0.2.6 | 160.39 | 104.59 | 264.98 | OK | |
r-devel-linux-x86_64-fedora-clang | 0.2.6 | 407.80 | NOTE | |||
r-devel-linux-x86_64-fedora-gcc | 0.2.6 | 485.86 | NOTE | |||
r-devel-windows-x86_64 | 0.2.6 | 136.00 | 171.00 | 307.00 | OK | |
r-patched-linux-x86_64 | 0.2.6 | 198.53 | 136.47 | 335.00 | OK | |
r-release-linux-x86_64 | 0.2.6 | 199.86 | 132.43 | 332.29 | OK | |
r-release-macos-arm64 | 0.2.6 | 97.00 | NOTE | |||
r-release-macos-x86_64 | 0.2.6 | 134.00 | NOTE | |||
r-release-windows-x86_64 | 0.2.6 | 170.00 | 189.00 | 359.00 | OK | |
r-oldrel-macos-arm64 | 0.2.6 | 90.00 | NOTE | |||
r-oldrel-windows-x86_64 | 0.2.6 | 158.00 | 182.00 | 340.00 | OK |
Version: 0.2.6
Check: dependencies in R code
Result: NOTE
Namespace in Imports field not imported from: ‘ordinal’
All declared Imports should be used.
Flavors: r-devel-linux-x86_64-fedora-clang, r-devel-linux-x86_64-fedora-gcc
Version: 0.2.6
Check: installed package size
Result: NOTE
installed size is 17.2Mb
sub-directories of 1Mb or more:
libs 16.7Mb
Flavors: r-release-macos-arm64, r-release-macos-x86_64, r-oldrel-macos-arm64