Last updated on 2025-11-22 19:50:31 CET.
| Flavor | Version | Tinstall | Tcheck | Ttotal | Status | Flags |
|---|---|---|---|---|---|---|
| r-devel-linux-x86_64-debian-clang | 1.0 | 20.71 | 28.80 | 49.51 | NOTE | |
| r-devel-linux-x86_64-debian-gcc | 1.0 | 11.94 | 22.90 | 34.84 | NOTE | |
| r-devel-linux-x86_64-fedora-clang | 1.0 | 43.00 | 42.84 | 85.84 | NOTE | |
| r-devel-windows-x86_64 | 1.0 | 28.00 | 63.00 | 91.00 | OK | |
| r-patched-linux-x86_64 | 1.0 | 21.37 | 27.62 | 48.99 | OK | |
| r-release-linux-x86_64 | 1.0 | 19.53 | 27.76 | 47.29 | OK | |
| r-release-macos-arm64 | 1.0 | OK | ||||
| r-release-macos-x86_64 | 1.0 | 13.00 | 28.00 | 41.00 | OK | |
| r-release-windows-x86_64 | 1.0 | 26.00 | 74.00 | 100.00 | OK | |
| r-oldrel-macos-arm64 | 1.0 | OK | ||||
| r-oldrel-macos-x86_64 | 1.0 | 12.00 | 24.00 | 36.00 | OK | |
| r-oldrel-windows-x86_64 | 1.0 | 32.00 | 79.00 | 111.00 | OK |
Version: 1.0
Check: CRAN incoming feasibility
Result: NOTE
Maintainer: ‘Chong Wu <wuxx0845@umn.edu>’
No Authors@R field in DESCRIPTION.
Please add one, modifying
Authors@R: c(person(given = "Chong",
family = "Wu",
role = c("aut", "cre"),
email = "wuxx0845@umn.edu"),
person(given = "Wei",
family = "Pan",
role = "aut"))
as necessary.
Flavors: r-devel-linux-x86_64-debian-clang, r-devel-linux-x86_64-debian-gcc
Version: 1.0
Check: compiled code
Result: NOTE
File ‘GLMaSPU/libs/GLMaSPU.so’:
Found no calls to: ‘R_registerRoutines’, ‘R_useDynamicSymbols’
It is good practice to register native routines and to disable symbol
search.
See ‘Writing portable packages’ in the ‘Writing R Extensions’ manual.
Flavor: r-devel-linux-x86_64-fedora-clang