Last updated on 2024-07-17 20:57:00 CEST.
Flavor | Version | Tinstall | Tcheck | Ttotal | Status | Flags |
---|---|---|---|---|---|---|
r-devel-linux-x86_64-debian-clang | 3.0.0 | 22.36 | 163.43 | 185.79 | OK | |
r-devel-linux-x86_64-debian-gcc | 3.0.0 | 18.39 | 117.04 | 135.43 | OK | |
r-devel-linux-x86_64-fedora-clang | 3.0.0 | 235.01 | NOTE | |||
r-devel-linux-x86_64-fedora-gcc | 3.0.0 | 228.54 | NOTE | |||
r-devel-windows-x86_64 | 3.0.0 | 19.00 | 132.00 | 151.00 | NOTE | |
r-patched-linux-x86_64 | 3.0.0 | 23.29 | 156.62 | 179.91 | OK | |
r-release-linux-x86_64 | 3.0.0 | 23.98 | 152.49 | 176.47 | OK | |
r-release-macos-arm64 | 3.0.0 | 61.00 | OK | |||
r-release-macos-x86_64 | 3.0.0 | 98.00 | OK | |||
r-release-windows-x86_64 | 3.0.0 | 18.00 | 139.00 | 157.00 | OK | |
r-oldrel-macos-arm64 | 3.0.0 | 68.00 | OK | |||
r-oldrel-macos-x86_64 | 3.0.0 | 113.00 | OK | |||
r-oldrel-windows-x86_64 | 3.0.0 | 24.00 | 162.00 | 186.00 | OK |
Version: 3.0.0
Check: dependencies in R code
Result: NOTE
Namespace in Imports field not imported from: ‘class’
All declared Imports should be used.
Flavors: r-devel-linux-x86_64-fedora-clang, r-devel-linux-x86_64-fedora-gcc
Version: 3.0.0
Check: Rd cross-references
Result: NOTE
Found the following Rd file(s) with Rd \link{} targets missing package
anchors:
ancsvm.Rd: svm
Please provide package anchors for all Rd \link{} targets not in the
package itself and the base packages.
Flavor: r-devel-windows-x86_64