CRAN Package Check Results for Package GHap

Last updated on 2022-10-03 21:53:38 CEST.

Flavor Version Tinstall Tcheck Ttotal Status Flags
r-devel-linux-x86_64-debian-clang 3.0.0 25.97 158.17 184.14 OK
r-devel-linux-x86_64-debian-gcc 3.0.0 16.78 114.72 131.50 OK
r-devel-linux-x86_64-fedora-clang 3.0.0 248.29 NOTE
r-devel-linux-x86_64-fedora-gcc 3.0.0 222.27 NOTE
r-devel-windows-x86_64 3.0.0 34.00 180.00 214.00 OK
r-patched-linux-x86_64 3.0.0 31.66 147.23 178.89 OK
r-release-linux-x86_64 3.0.0 20.95 146.81 167.76 OK
r-release-macos-arm64 3.0.0 57.00 NOTE
r-release-macos-x86_64 3.0.0 76.00 NOTE
r-release-windows-x86_64 3.0.0 37.00 182.00 219.00 OK
r-oldrel-macos-arm64 3.0.0 58.00 NOTE
r-oldrel-macos-x86_64 3.0.0 73.00 NOTE
r-oldrel-windows-ix86+x86_64 3.0.0 43.00 168.00 211.00 OK

Check Details

Version: 3.0.0
Check: dependencies in R code
Result: NOTE
    Namespace in Imports field not imported from: ‘class’
     All declared Imports should be used.
Flavors: r-devel-linux-x86_64-fedora-clang, r-devel-linux-x86_64-fedora-gcc, r-release-macos-arm64, r-release-macos-x86_64, r-oldrel-macos-arm64, r-oldrel-macos-x86_64