Last updated on 2025-11-22 19:50:30 CET.
| Flavor | Version | Tinstall | Tcheck | Ttotal | Status | Flags |
|---|---|---|---|---|---|---|
| r-devel-linux-x86_64-debian-clang | 1.0.1 | 4.06 | 266.47 | 270.53 | OK | |
| r-devel-linux-x86_64-debian-gcc | 1.1.2 | 2.24 | 73.33 | 75.57 | OK | |
| r-devel-linux-x86_64-fedora-clang | 1.1.2 | 15.00 | 122.44 | 137.44 | OK | |
| r-devel-windows-x86_64 | 1.0.1 | 11.00 | 299.00 | 310.00 | OK | |
| r-patched-linux-x86_64 | 1.0.1 | 3.81 | 236.72 | 240.53 | OK | |
| r-release-linux-x86_64 | 1.0.1 | 3.67 | 251.83 | 255.50 | OK | |
| r-release-macos-arm64 | 1.1.2 | 2.00 | 53.00 | 55.00 | OK | |
| r-release-macos-x86_64 | 1.1.2 | 5.00 | 187.00 | 192.00 | OK | |
| r-release-windows-x86_64 | 1.0.1 | 11.00 | 311.00 | 322.00 | OK | |
| r-oldrel-macos-arm64 | 1.1.2 | 2.00 | 46.00 | 48.00 | NOTE | |
| r-oldrel-macos-x86_64 | 1.1.2 | 5.00 | 199.00 | 204.00 | NOTE | |
| r-oldrel-windows-x86_64 | 1.0.1 | 12.00 | 397.00 | 409.00 | NOTE |
Version: 1.1.2
Check: installed package size
Result: NOTE
installed size is 9.6Mb
sub-directories of 1Mb or more:
doc 1.1Mb
extdata 8.2Mb
Flavors: r-oldrel-macos-arm64, r-oldrel-macos-x86_64
Version: 1.0.1
Check: installed package size
Result: NOTE
installed size is 9.5Mb
sub-directories of 1Mb or more:
doc 1.1Mb
extdata 8.2Mb
Flavor: r-oldrel-windows-x86_64