Last updated on 2025-05-06 20:50:41 CEST.
Flavor | Version | Tinstall | Tcheck | Ttotal | Status | Flags |
---|---|---|---|---|---|---|
r-devel-linux-x86_64-debian-clang | 1.0 | 5.54 | 40.64 | 46.18 | NOTE | |
r-devel-linux-x86_64-debian-gcc | 1.0 | 3.78 | 30.13 | 33.91 | NOTE | |
r-devel-linux-x86_64-fedora-clang | 1.0 | 71.19 | OK | |||
r-devel-linux-x86_64-fedora-gcc | 1.0 | 69.93 | OK | |||
r-devel-windows-x86_64 | 1.0 | 7.00 | 58.00 | 65.00 | OK | |
r-patched-linux-x86_64 | 1.0 | 5.75 | 38.55 | 44.30 | OK | |
r-release-linux-x86_64 | 1.0 | 5.53 | 38.41 | 43.94 | OK | |
r-release-macos-arm64 | 1.0 | 28.00 | OK | |||
r-release-macos-x86_64 | 1.0 | 48.00 | OK | |||
r-release-windows-x86_64 | 1.0 | 7.00 | 60.00 | 67.00 | OK | |
r-oldrel-macos-arm64 | 1.0 | 22.00 | OK | |||
r-oldrel-macos-x86_64 | 1.0 | 37.00 | OK | |||
r-oldrel-windows-x86_64 | 1.0 | 8.00 | 68.00 | 76.00 | OK |
Version: 1.0
Check: CRAN incoming feasibility
Result: NOTE
Maintainer: ‘Xiaoyan Wang <xywang@hnu.edu.cn>’
No Authors@R field in DESCRIPTION.
Please add one, modifying
Authors@R: c(person(given = "Xiaoyan",
family = "Wang",
role = c("aut", "cre"),
email = "xywang@hnu.edu.cn"),
person(given = "Hongduo",
family = "Liu",
role = "aut"),
person(given = "Shuangge",
family = "Ma",
role = "aut"))
as necessary.
Flavors: r-devel-linux-x86_64-debian-clang, r-devel-linux-x86_64-debian-gcc