Last updated on 2025-11-23 20:48:48 CET.
| Flavor | Version | Tinstall | Tcheck | Ttotal | Status | Flags |
|---|---|---|---|---|---|---|
| r-devel-linux-x86_64-debian-clang | 1.0.2 | 33.05 | 25.88 | 58.93 | NOTE | |
| r-devel-linux-x86_64-debian-gcc | 1.0.2 | 24.35 | 20.38 | 44.73 | NOTE | |
| r-devel-linux-x86_64-fedora-clang | 1.0.2 | 47.00 | 50.02 | 97.02 | NOTE | |
| r-devel-windows-x86_64 | 1.0.2 | 40.00 | 73.00 | 113.00 | OK | |
| r-patched-linux-x86_64 | 1.0.2 | 34.12 | 25.21 | 59.33 | OK | |
| r-release-linux-x86_64 | 1.0.2 | 34.09 | 24.44 | 58.53 | OK | |
| r-release-macos-arm64 | 1.0.2 | OK | ||||
| r-release-macos-x86_64 | 1.0.2 | 26.00 | 29.00 | 55.00 | OK | |
| r-release-windows-x86_64 | 1.0.2 | 38.00 | 79.00 | 117.00 | OK | |
| r-oldrel-macos-arm64 | 1.0.2 | OK | ||||
| r-oldrel-macos-x86_64 | 1.0.2 | 46.00 | 30.00 | 76.00 | OK | |
| r-oldrel-windows-x86_64 | 1.0.2 | 46.00 | 81.00 | 127.00 | OK |
Version: 1.0.2
Check: CRAN incoming feasibility
Result: NOTE
Maintainer: ‘Junghi Kim <junghikim0@gmail.com>’
No Authors@R field in DESCRIPTION.
Please add one, modifying
Authors@R: c(person(given = "Junghi",
family = "Kim",
role = c("aut", "cre"),
email = "junghikim0@gmail.com"),
person(given = "Wei",
family = "Pan",
role = "aut"))
as necessary.
Flavors: r-devel-linux-x86_64-debian-clang, r-devel-linux-x86_64-debian-gcc
Version: 1.0.2
Check: compiled code
Result: NOTE
File ‘GEEaSPU/libs/GEEaSPU.so’:
Found no calls to: ‘R_registerRoutines’, ‘R_useDynamicSymbols’
It is good practice to register native routines and to disable symbol
search.
See ‘Writing portable packages’ in the ‘Writing R Extensions’ manual.
Flavor: r-devel-linux-x86_64-fedora-clang